{"id":7476,"date":"2021-09-06T10:33:29","date_gmt":"2021-09-06T10:33:29","guid":{"rendered":"https:\/\/mobelmol.mmkt.dev\/producto\/hestia-soft-bra\/"},"modified":"2022-10-26T11:41:12","modified_gmt":"2022-10-26T11:41:12","slug":"revestiment-per-portes","status":"publish","type":"product","link":"https:\/\/www.mobelmol.com\/ca\/producto\/revestiment-per-portes\/","title":{"rendered":"Porta marc revestit"},"content":{"rendered":"<p>L&#8217;empresa de mobiliari i equipament professional Mobelmol ofereix els productes de la millor qualitat combinant la seva llarga experi\u00e8ncia en el sector juntament amb les mat\u00e8ries primes de la millor qualitat, donant un servei que abasta tot tipus de projectes, des d&#8217;escoles fins a oficines, i adaptant el mobiliari de forma totalment personalitzada si asil requereix la situaci\u00f3 o les caracter\u00edstiques necess\u00e0ries d&#8217;aquest.<\/p>\n<p>Aix\u00f2 es deu al fet que a empresa controla des de l&#8217;inici del projecte tots les fases en constituir des del disseny, seguint amb la fabricaci\u00f3 i acabat amb la instal\u00b7laci\u00f3 del producte finalitzat amb \u00e8xit.<\/p>\n<p>Les Portes de Marc Revestit, de la millor qualitat i preu, formen part del <a href=\"https:\/\/www.mobelmol.com\/ca\/cataleg-prescripcio-tauler-fenolic\/\">seu ampli cat\u00e0leg de mobiliari i equipament.<\/a><\/p>\n<h2>Disseny i fabricaci\u00f3 de Porta amb Marc Revestit<\/h2>\n<p>Existeixen diferents ocasions en les quals les Portes d&#8217;aquest tipus, amb marc revestit s\u00f3n la millor opci\u00f3, perqu\u00e8 aporten un extra de funcionalitat a les caracter\u00edstiques t\u00edpiques que s&#8217;espera d&#8217;aquesta mena de mobiliari. Ens serveixen per a donar un tipus d&#8217;ambient concret, en tenir la possibilitat de revestir-se segons el projecte requereix, sent una de les portes m\u00e9s vers\u00e0tils del cat\u00e0leg de <a href=\"https:\/\/www.mobelmol.com\/ca\/familia\/portes-fenoliques-a-mida-compact\/\">portes Compactes<\/a> de Mobelmol.<\/p>\n<h2>Les nostres Porta amb Marco de Revestiment<\/h2>\n<p>A continuaci\u00f3, les principals caracteritzis que conformen les nostres portes tipus revestiment:<\/p>\n<ul>\n<li>Marc de tac revestit, de HPL, melanina, o de DM per a lacar.<\/li>\n<li>Fulla constru\u00efda a base de sandvitx format per placa de resines fen\u00f2liques tipus Trespa (H.P.L.) de 3mm. per cada cara.<\/li>\n<li>Bastidor perimetral de resines mass\u00eds perfilat i a\u00efllant de poliestir\u00e8 a l&#8217;interior.<\/li>\n<li>Tres frontisses inox.<\/li>\n<li>Pany inox. de cop i clau o cop i condemna.<\/li>\n<li>Admet qualsevol tipus de maneta.<\/li>\n<\/ul>\n<p>Des del disseny de la porta revestida fins a la fabricaci\u00f3 i instal\u00b7laci\u00f3 d&#8217;aquest, tot el proc\u00e9s es realitza en Mobelmol, prestant serveis totalment personalitzats per al projecte i la seva reeixida execuci\u00f3.<\/p>\n","protected":false},"excerpt":{"rendered":"<p>L&#8217;empresa de mobiliari i equipament professional Mobelmol ofereix els productes de la millor qualitat combinant la seva llarga experi\u00e8ncia en el sector juntament amb les mat\u00e8ries primes de la millor qualitat, donant un servei que abasta tot tipus de projectes, des d&#8217;escoles fins a oficines, i adaptant el mobiliari de forma totalment personalitzada si asil&#8230;<\/p>\n","protected":false},"featured_media":7034,"template":"","meta":[],"product_cat":[437,382],"product_tag":[],"class_list":["post-7476","product","type-product","status-publish","has-post-thumbnail","hentry","product_cat-portes-fenoliques-a-mida-compact","product_cat-puertas-fenolicas-a-medida-compact"],"acf":[],"yoast_head":"<!-- This site is optimized with the Yoast SEO plugin v17.8 - https:\/\/yoast.com\/wordpress\/plugins\/seo\/ -->\n<title>Experts en revestiment per a portes - Mobelmol<\/title>\n<meta name=\"description\" content=\"Confia en Mobelmol, amb anys en el sector d&#039;equipament i mobiliari, per obtenir la millor qualitat en revestiment per a portesi m\u00e9s serveis.\" \/>\n<meta name=\"robots\" content=\"index, follow, max-snippet:-1, max-image-preview:large, max-video-preview:-1\" \/>\n<link rel=\"canonical\" href=\"https:\/\/www.mobelmol.com\/ca\/producto\/revestiment-per-portes\/\" \/>\n<meta property=\"og:locale\" content=\"ca_ES\" \/>\n<meta property=\"og:type\" content=\"article\" \/>\n<meta property=\"og:title\" content=\"Experts en revestiment per a portes - Mobelmol\" \/>\n<meta property=\"og:description\" content=\"Confia en Mobelmol, amb anys en el sector d&#039;equipament i mobiliari, per obtenir la millor qualitat en revestiment per a portesi m\u00e9s serveis.\" \/>\n<meta property=\"og:url\" content=\"https:\/\/www.mobelmol.com\/ca\/producto\/revestiment-per-portes\/\" \/>\n<meta property=\"og:site_name\" content=\"Mobelmol\" \/>\n<meta property=\"article:modified_time\" content=\"2022-10-26T11:41:12+00:00\" \/>\n<meta property=\"og:image\" content=\"https:\/\/www.mobelmol.com\/wp-content\/uploads\/2021\/09\/Puerta-Taco-Revestido-4.jpg\" \/>\n\t<meta property=\"og:image:width\" content=\"750\" \/>\n\t<meta property=\"og:image:height\" content=\"497\" \/>\n<meta name=\"twitter:card\" content=\"summary_large_image\" \/>\n<meta name=\"twitter:label1\" content=\"Temps estimat de lectura\" \/>\n\t<meta name=\"twitter:data1\" content=\"2 minuts\" \/>\n<script type=\"application\/ld+json\" class=\"yoast-schema-graph\">{\"@context\":\"https:\/\/schema.org\",\"@graph\":[{\"@type\":\"Organization\",\"@id\":\"https:\/\/www.mobelmol.com\/ca\/#organization\",\"name\":\"Mobelmol\",\"url\":\"https:\/\/www.mobelmol.com\/ca\/\",\"sameAs\":[],\"logo\":{\"@type\":\"ImageObject\",\"@id\":\"https:\/\/www.mobelmol.com\/ca\/#logo\",\"inLanguage\":\"ca\",\"url\":\"https:\/\/www.mobelmol.com\/wp-content\/uploads\/2021\/05\/lgo-mobelmol.svg\",\"contentUrl\":\"https:\/\/www.mobelmol.com\/wp-content\/uploads\/2021\/05\/lgo-mobelmol.svg\",\"width\":100,\"height\":100,\"caption\":\"Mobelmol\"},\"image\":{\"@id\":\"https:\/\/www.mobelmol.com\/ca\/#logo\"}},{\"@type\":\"WebSite\",\"@id\":\"https:\/\/www.mobelmol.com\/ca\/#website\",\"url\":\"https:\/\/www.mobelmol.com\/ca\/\",\"name\":\"Mobelmol\",\"description\":\"Fabricaci\\u00f3n e instalaci\\u00f3n de equipamiento y mobiliario con panel compacto\",\"publisher\":{\"@id\":\"https:\/\/www.mobelmol.com\/ca\/#organization\"},\"potentialAction\":[{\"@type\":\"SearchAction\",\"target\":{\"@type\":\"EntryPoint\",\"urlTemplate\":\"https:\/\/www.mobelmol.com\/ca\/?s={search_term_string}\"},\"query-input\":\"required name=search_term_string\"}],\"inLanguage\":\"ca\"},{\"@type\":\"ImageObject\",\"@id\":\"https:\/\/www.mobelmol.com\/ca\/producto\/revestiment-per-portes\/#primaryimage\",\"inLanguage\":\"ca\",\"url\":\"https:\/\/www.mobelmol.com\/wp-content\/uploads\/2021\/09\/Puerta-Taco-Revestido-4.jpg\",\"contentUrl\":\"https:\/\/www.mobelmol.com\/wp-content\/uploads\/2021\/09\/Puerta-Taco-Revestido-4.jpg\",\"width\":750,\"height\":497,\"caption\":\"Revestimiento para Puertas\"},{\"@type\":\"WebPage\",\"@id\":\"https:\/\/www.mobelmol.com\/ca\/producto\/revestiment-per-portes\/#webpage\",\"url\":\"https:\/\/www.mobelmol.com\/ca\/producto\/revestiment-per-portes\/\",\"name\":\"Experts en revestiment per a portes - Mobelmol\",\"isPartOf\":{\"@id\":\"https:\/\/www.mobelmol.com\/ca\/#website\"},\"primaryImageOfPage\":{\"@id\":\"https:\/\/www.mobelmol.com\/ca\/producto\/revestiment-per-portes\/#primaryimage\"},\"datePublished\":\"2021-09-06T10:33:29+00:00\",\"dateModified\":\"2022-10-26T11:41:12+00:00\",\"description\":\"Confia en Mobelmol, amb anys en el sector d'equipament i mobiliari, per obtenir la millor qualitat en revestiment per a portesi m\\u00e9s serveis.\",\"breadcrumb\":{\"@id\":\"https:\/\/www.mobelmol.com\/ca\/producto\/revestiment-per-portes\/#breadcrumb\"},\"inLanguage\":\"ca\",\"potentialAction\":[{\"@type\":\"ReadAction\",\"target\":[\"https:\/\/www.mobelmol.com\/ca\/producto\/revestiment-per-portes\/\"]}]},{\"@type\":\"BreadcrumbList\",\"@id\":\"https:\/\/www.mobelmol.com\/ca\/producto\/revestiment-per-portes\/#breadcrumb\",\"itemListElement\":[{\"@type\":\"ListItem\",\"position\":1,\"name\":\"Portada\",\"item\":\"https:\/\/www.mobelmol.com\/ca\/\"},{\"@type\":\"ListItem\",\"position\":2,\"name\":\"Productes\",\"item\":\"https:\/\/www.mobelmol.com\/ca\/productes-mobiliari-vestuaris-revestiments\/\"},{\"@type\":\"ListItem\",\"position\":3,\"name\":\"Porta marc revestit\"}]}]}<\/script>\n<!-- \/ Yoast SEO plugin. -->","yoast_head_json":{"title":"Experts en revestiment per a portes - Mobelmol","description":"Confia en Mobelmol, amb anys en el sector d'equipament i mobiliari, per obtenir la millor qualitat en revestiment per a portesi m\u00e9s serveis.","robots":{"index":"index","follow":"follow","max-snippet":"max-snippet:-1","max-image-preview":"max-image-preview:large","max-video-preview":"max-video-preview:-1"},"canonical":"https:\/\/www.mobelmol.com\/ca\/producto\/revestiment-per-portes\/","og_locale":"ca_ES","og_type":"article","og_title":"Experts en revestiment per a portes - Mobelmol","og_description":"Confia en Mobelmol, amb anys en el sector d'equipament i mobiliari, per obtenir la millor qualitat en revestiment per a portesi m\u00e9s serveis.","og_url":"https:\/\/www.mobelmol.com\/ca\/producto\/revestiment-per-portes\/","og_site_name":"Mobelmol","article_modified_time":"2022-10-26T11:41:12+00:00","og_image":[{"width":750,"height":497,"url":"https:\/\/www.mobelmol.com\/wp-content\/uploads\/2021\/09\/Puerta-Taco-Revestido-4.jpg","type":"image\/jpeg"}],"twitter_card":"summary_large_image","twitter_misc":{"Temps estimat de lectura":"2 minuts"},"schema":{"@context":"https:\/\/schema.org","@graph":[{"@type":"Organization","@id":"https:\/\/www.mobelmol.com\/ca\/#organization","name":"Mobelmol","url":"https:\/\/www.mobelmol.com\/ca\/","sameAs":[],"logo":{"@type":"ImageObject","@id":"https:\/\/www.mobelmol.com\/ca\/#logo","inLanguage":"ca","url":"https:\/\/www.mobelmol.com\/wp-content\/uploads\/2021\/05\/lgo-mobelmol.svg","contentUrl":"https:\/\/www.mobelmol.com\/wp-content\/uploads\/2021\/05\/lgo-mobelmol.svg","width":100,"height":100,"caption":"Mobelmol"},"image":{"@id":"https:\/\/www.mobelmol.com\/ca\/#logo"}},{"@type":"WebSite","@id":"https:\/\/www.mobelmol.com\/ca\/#website","url":"https:\/\/www.mobelmol.com\/ca\/","name":"Mobelmol","description":"Fabricaci\u00f3n e instalaci\u00f3n de equipamiento y mobiliario con panel compacto","publisher":{"@id":"https:\/\/www.mobelmol.com\/ca\/#organization"},"potentialAction":[{"@type":"SearchAction","target":{"@type":"EntryPoint","urlTemplate":"https:\/\/www.mobelmol.com\/ca\/?s={search_term_string}"},"query-input":"required name=search_term_string"}],"inLanguage":"ca"},{"@type":"ImageObject","@id":"https:\/\/www.mobelmol.com\/ca\/producto\/revestiment-per-portes\/#primaryimage","inLanguage":"ca","url":"https:\/\/www.mobelmol.com\/wp-content\/uploads\/2021\/09\/Puerta-Taco-Revestido-4.jpg","contentUrl":"https:\/\/www.mobelmol.com\/wp-content\/uploads\/2021\/09\/Puerta-Taco-Revestido-4.jpg","width":750,"height":497,"caption":"Revestimiento para Puertas"},{"@type":"WebPage","@id":"https:\/\/www.mobelmol.com\/ca\/producto\/revestiment-per-portes\/#webpage","url":"https:\/\/www.mobelmol.com\/ca\/producto\/revestiment-per-portes\/","name":"Experts en revestiment per a portes - Mobelmol","isPartOf":{"@id":"https:\/\/www.mobelmol.com\/ca\/#website"},"primaryImageOfPage":{"@id":"https:\/\/www.mobelmol.com\/ca\/producto\/revestiment-per-portes\/#primaryimage"},"datePublished":"2021-09-06T10:33:29+00:00","dateModified":"2022-10-26T11:41:12+00:00","description":"Confia en Mobelmol, amb anys en el sector d'equipament i mobiliari, per obtenir la millor qualitat en revestiment per a portesi m\u00e9s serveis.","breadcrumb":{"@id":"https:\/\/www.mobelmol.com\/ca\/producto\/revestiment-per-portes\/#breadcrumb"},"inLanguage":"ca","potentialAction":[{"@type":"ReadAction","target":["https:\/\/www.mobelmol.com\/ca\/producto\/revestiment-per-portes\/"]}]},{"@type":"BreadcrumbList","@id":"https:\/\/www.mobelmol.com\/ca\/producto\/revestiment-per-portes\/#breadcrumb","itemListElement":[{"@type":"ListItem","position":1,"name":"Portada","item":"https:\/\/www.mobelmol.com\/ca\/"},{"@type":"ListItem","position":2,"name":"Productes","item":"https:\/\/www.mobelmol.com\/ca\/productes-mobiliari-vestuaris-revestiments\/"},{"@type":"ListItem","position":3,"name":"Porta marc revestit"}]}]}},"_links":{"self":[{"href":"https:\/\/www.mobelmol.com\/ca\/wp-json\/wp\/v2\/product\/7476","targetHints":{"allow":["GET"]}}],"collection":[{"href":"https:\/\/www.mobelmol.com\/ca\/wp-json\/wp\/v2\/product"}],"about":[{"href":"https:\/\/www.mobelmol.com\/ca\/wp-json\/wp\/v2\/types\/product"}],"wp:featuredmedia":[{"embeddable":true,"href":"https:\/\/www.mobelmol.com\/ca\/wp-json\/wp\/v2\/media\/7034"}],"wp:attachment":[{"href":"https:\/\/www.mobelmol.com\/ca\/wp-json\/wp\/v2\/media?parent=7476"}],"wp:term":[{"taxonomy":"product_cat","embeddable":true,"href":"https:\/\/www.mobelmol.com\/ca\/wp-json\/wp\/v2\/product_cat?post=7476"},{"taxonomy":"product_tag","embeddable":true,"href":"https:\/\/www.mobelmol.com\/ca\/wp-json\/wp\/v2\/product_tag?post=7476"}],"curies":[{"name":"wp","href":"https:\/\/api.w.org\/{rel}","templated":true}]}}

<p>L&#8217;empresa de mobiliari i equipament professional Mobelmol ofereix els productes de la millor qualitat combinant la seva llarga experiència en el sector juntament amb les matèries primes de la millor qualitat, donant un servei que abasta tot tipus de projectes, des d&#8217;escoles fins a oficines, i adaptant el mobiliari de forma totalment personalitzada si asil requereix la situació o les característiques necessàries d&#8217;aquest.</p>
<p>Això es deu al fet que a empresa controla des de l&#8217;inici del projecte tots les fases en constituir des del disseny, seguint amb la fabricació i acabat amb la instal·lació del producte finalitzat amb èxit.</p>
<p>Les Portes de Marc Revestit, de la millor qualitat i preu, formen part del <a href="https://www.mobelmol.com/ca/cataleg-prescripcio-tauler-fenolic/">seu ampli catàleg de mobiliari i equipament.</a></p>
<h2>Disseny i fabricació de Porta amb Marc Revestit</h2>
<p>Existeixen diferents ocasions en les quals les Portes d&#8217;aquest tipus, amb marc revestit són la millor opció, perquè aporten un extra de funcionalitat a les característiques típiques que s&#8217;espera d&#8217;aquesta mena de mobiliari. Ens serveixen per a donar un tipus d&#8217;ambient concret, en tenir la possibilitat de revestir-se segons el projecte requereix, sent una de les portes més versàtils del catàleg de <a href="https://www.mobelmol.com/ca/familia/portes-fenoliques-a-mida-compact/">portes Compactes</a> de Mobelmol.</p>
<h2>Les nostres Porta amb Marco de Revestiment</h2>
<p>A continuació, les principals caracteritzis que conformen les nostres portes tipus revestiment:</p>
<ul>
<li>Marc de tac revestit, de HPL, melanina, o de DM per a lacar.</li>
<li>Fulla construïda a base de sandvitx format per placa de resines fenòliques tipus Trespa (H.P.L.) de 3mm. per cada cara.</li>
<li>Bastidor perimetral de resines massís perfilat i aïllant de poliestirè a l&#8217;interior.</li>
<li>Tres frontisses inox.</li>
<li>Pany inox. de cop i clau o cop i condemna.</li>
<li>Admet qualsevol tipus de maneta.</li>
</ul>
<p>Des del disseny de la porta revestida fins a la fabricació i instal·lació d&#8217;aquest, tot el procés es realitza en Mobelmol, prestant serveis totalment personalitzats per al projecte i la seva reeixida execució.</p>

<p>L&#8217;empresa de mobiliari i equipament professional Mobelmol ofereix els productes de la millor qualitat combinant la seva llarga experiència en el sector juntament amb les matèries primes de la millor qualitat, donant un servei que abasta tot tipus de projectes, des d&#8217;escoles fins a oficines, i adaptant el mobiliari de forma totalment personalitzada si asil&#8230;</p>

<!-- This site is optimized with the Yoast SEO plugin v17.8 - https://yoast.com/wordpress/plugins/seo/ -->
<title>Experts en revestiment per a portes - Mobelmol</title>
<meta name="description" content="Confia en Mobelmol, amb anys en el sector d&#039;equipament i mobiliari, per obtenir la millor qualitat en revestiment per a portesi més serveis." />
<meta name="robots" content="index, follow, max-snippet:-1, max-image-preview:large, max-video-preview:-1" />
<link rel="canonical" href="https://www.mobelmol.com/ca/producto/revestiment-per-portes/" />
<meta property="og:locale" content="ca_ES" />
<meta property="og:type" content="article" />
<meta property="og:title" content="Experts en revestiment per a portes - Mobelmol" />
<meta property="og:description" content="Confia en Mobelmol, amb anys en el sector d&#039;equipament i mobiliari, per obtenir la millor qualitat en revestiment per a portesi més serveis." />
<meta property="og:url" content="https://www.mobelmol.com/ca/producto/revestiment-per-portes/" />
<meta property="og:site_name" content="Mobelmol" />
<meta property="article:modified_time" content="2022-10-26T11:41:12+00:00" />
<meta property="og:image" content="https://www.mobelmol.com/wp-content/uploads/2021/09/Puerta-Taco-Revestido-4.jpg" />
	<meta property="og:image:width" content="750" />
	<meta property="og:image:height" content="497" />
<meta name="twitter:card" content="summary_large_image" />
<meta name="twitter:label1" content="Temps estimat de lectura" />
	<meta name="twitter:data1" content="2 minuts" />
<script type="application/ld+json" class="yoast-schema-graph">{"@context":"https://schema.org","@graph":[{"@type":"Organization","@id":"https://www.mobelmol.com/ca/#organization","name":"Mobelmol","url":"https://www.mobelmol.com/ca/","sameAs":[],"logo":{"@type":"ImageObject","@id":"https://www.mobelmol.com/ca/#logo","inLanguage":"ca","url":"https://www.mobelmol.com/wp-content/uploads/2021/05/lgo-mobelmol.svg","contentUrl":"https://www.mobelmol.com/wp-content/uploads/2021/05/lgo-mobelmol.svg","width":100,"height":100,"caption":"Mobelmol"},"image":{"@id":"https://www.mobelmol.com/ca/#logo"}},{"@type":"WebSite","@id":"https://www.mobelmol.com/ca/#website","url":"https://www.mobelmol.com/ca/","name":"Mobelmol","description":"Fabricaci\u00f3n e instalaci\u00f3n de equipamiento y mobiliario con panel compacto","publisher":{"@id":"https://www.mobelmol.com/ca/#organization"},"potentialAction":[{"@type":"SearchAction","target":{"@type":"EntryPoint","urlTemplate":"https://www.mobelmol.com/ca/?s={search_term_string}"},"query-input":"required name=search_term_string"}],"inLanguage":"ca"},{"@type":"ImageObject","@id":"https://www.mobelmol.com/ca/producto/revestiment-per-portes/#primaryimage","inLanguage":"ca","url":"https://www.mobelmol.com/wp-content/uploads/2021/09/Puerta-Taco-Revestido-4.jpg","contentUrl":"https://www.mobelmol.com/wp-content/uploads/2021/09/Puerta-Taco-Revestido-4.jpg","width":750,"height":497,"caption":"Revestimiento para Puertas"},{"@type":"WebPage","@id":"https://www.mobelmol.com/ca/producto/revestiment-per-portes/#webpage","url":"https://www.mobelmol.com/ca/producto/revestiment-per-portes/","name":"Experts en revestiment per a portes - Mobelmol","isPartOf":{"@id":"https://www.mobelmol.com/ca/#website"},"primaryImageOfPage":{"@id":"https://www.mobelmol.com/ca/producto/revestiment-per-portes/#primaryimage"},"datePublished":"2021-09-06T10:33:29+00:00","dateModified":"2022-10-26T11:41:12+00:00","description":"Confia en Mobelmol, amb anys en el sector d'equipament i mobiliari, per obtenir la millor qualitat en revestiment per a portesi m\u00e9s serveis.","breadcrumb":{"@id":"https://www.mobelmol.com/ca/producto/revestiment-per-portes/#breadcrumb"},"inLanguage":"ca","potentialAction":[{"@type":"ReadAction","target":["https://www.mobelmol.com/ca/producto/revestiment-per-portes/"]}]},{"@type":"BreadcrumbList","@id":"https://www.mobelmol.com/ca/producto/revestiment-per-portes/#breadcrumb","itemListElement":[{"@type":"ListItem","position":1,"name":"Portada","item":"https://www.mobelmol.com/ca/"},{"@type":"ListItem","position":2,"name":"Productes","item":"https://www.mobelmol.com/ca/productes-mobiliari-vestuaris-revestiments/"},{"@type":"ListItem","position":3,"name":"Porta marc revestit"}]}]}</script>
<!-- / Yoast SEO plugin. -->

Confia en Mobelmol, amb anys en el sector d'equipament i mobiliari, per obtenir la millor qualitat en revestiment per a portesi més serveis.

Fabricación e instalación de equipamiento y mobiliario con panel compacto
