{"id":8538,"date":"2022-09-30T10:54:33","date_gmt":"2022-09-30T10:54:33","guid":{"rendered":"https:\/\/www.mobelmol.com\/producto\/banc-especial\/"},"modified":"2022-10-27T06:20:48","modified_gmt":"2022-10-27T06:20:48","slug":"banc-especial","status":"publish","type":"product","link":"https:\/\/www.mobelmol.com\/ca\/producto\/banc-especial\/","title":{"rendered":"Banc especial"},"content":{"rendered":"<p>Banc especial:<\/p>\n<ul>\n<li>Seient en compacte fen\u00f2lic, fusta massissa, \u2026<\/li>\n<li>Qualsevol tipus destructura suport.<\/li>\n<li>El departament t\u00e8cnic poden dissenyar qualsevol model de banc especial que pel tipus de distribuci\u00f3, material o mides s&#8217;adapti a una necessitat molt espec\u00edfica dels nostres clients.<\/li>\n<\/ul>\n","protected":false},"excerpt":{"rendered":"<p>Banc especial: Seient en compacte fen\u00f2lic, fusta massissa, \u2026 Qualsevol tipus destructura suport. El departament t\u00e8cnic poden dissenyar qualsevol model de banc especial que pel tipus de distribuci\u00f3, material o mides s&#8217;adapti a una necessitat molt espec\u00edfica dels nostres clients.<\/p>\n","protected":false},"featured_media":8514,"template":"","meta":[],"product_cat":[424,425,370,373],"product_tag":[],"class_list":["post-8538","product","type-product","status-publish","has-post-thumbnail","hentry","product_cat-penjadors-bancs-de-vestuari","product_cat-banc-fenolic-estructura-acer-inox","product_cat-perchas-bancos-de-vestuario","product_cat-banco-fenolico-estructura-acero-inox"],"acf":[],"yoast_head":"<!-- This site is optimized with the Yoast SEO plugin v17.8 - https:\/\/yoast.com\/wordpress\/plugins\/seo\/ -->\n<title>Banc de fusta especial - Mobelmol<\/title>\n<meta name=\"description\" content=\"Banc de fusta especial per diferents aplicacions de vestuari amb seients en compacte fen\u00f2lic, fusta massissa i m\u00e9s especificacions. Qualitat en Mobelmol.\" \/>\n<meta name=\"robots\" content=\"index, follow, max-snippet:-1, max-image-preview:large, max-video-preview:-1\" \/>\n<link rel=\"canonical\" href=\"https:\/\/www.mobelmol.com\/ca\/producto\/banc-especial\/\" \/>\n<meta property=\"og:locale\" content=\"ca_ES\" \/>\n<meta property=\"og:type\" content=\"article\" \/>\n<meta property=\"og:title\" content=\"Banc de fusta especial - Mobelmol\" \/>\n<meta property=\"og:description\" content=\"Banc de fusta especial per diferents aplicacions de vestuari amb seients en compacte fen\u00f2lic, fusta massissa i m\u00e9s especificacions. Qualitat en Mobelmol.\" \/>\n<meta property=\"og:url\" content=\"https:\/\/www.mobelmol.com\/ca\/producto\/banc-especial\/\" \/>\n<meta property=\"og:site_name\" content=\"Mobelmol\" \/>\n<meta property=\"article:modified_time\" content=\"2022-10-27T06:20:48+00:00\" \/>\n<meta property=\"og:image\" content=\"https:\/\/www.mobelmol.com\/wp-content\/uploads\/2022\/09\/Taquilla-fenolico-TF2-MADERA-BANCO-F3.jpg\" \/>\n\t<meta property=\"og:image:width\" content=\"750\" \/>\n\t<meta property=\"og:image:height\" content=\"500\" \/>\n<meta name=\"twitter:card\" content=\"summary_large_image\" \/>\n<script type=\"application\/ld+json\" class=\"yoast-schema-graph\">{\"@context\":\"https:\/\/schema.org\",\"@graph\":[{\"@type\":\"Organization\",\"@id\":\"https:\/\/www.mobelmol.com\/ca\/#organization\",\"name\":\"Mobelmol\",\"url\":\"https:\/\/www.mobelmol.com\/ca\/\",\"sameAs\":[],\"logo\":{\"@type\":\"ImageObject\",\"@id\":\"https:\/\/www.mobelmol.com\/ca\/#logo\",\"inLanguage\":\"ca\",\"url\":\"https:\/\/www.mobelmol.com\/wp-content\/uploads\/2021\/05\/lgo-mobelmol.svg\",\"contentUrl\":\"https:\/\/www.mobelmol.com\/wp-content\/uploads\/2021\/05\/lgo-mobelmol.svg\",\"width\":100,\"height\":100,\"caption\":\"Mobelmol\"},\"image\":{\"@id\":\"https:\/\/www.mobelmol.com\/ca\/#logo\"}},{\"@type\":\"WebSite\",\"@id\":\"https:\/\/www.mobelmol.com\/ca\/#website\",\"url\":\"https:\/\/www.mobelmol.com\/ca\/\",\"name\":\"Mobelmol\",\"description\":\"Fabricaci\\u00f3n e instalaci\\u00f3n de equipamiento y mobiliario con panel compacto\",\"publisher\":{\"@id\":\"https:\/\/www.mobelmol.com\/ca\/#organization\"},\"potentialAction\":[{\"@type\":\"SearchAction\",\"target\":{\"@type\":\"EntryPoint\",\"urlTemplate\":\"https:\/\/www.mobelmol.com\/ca\/?s={search_term_string}\"},\"query-input\":\"required name=search_term_string\"}],\"inLanguage\":\"ca\"},{\"@type\":\"ImageObject\",\"@id\":\"https:\/\/www.mobelmol.com\/ca\/producto\/banc-especial\/#primaryimage\",\"inLanguage\":\"ca\",\"url\":\"https:\/\/www.mobelmol.com\/wp-content\/uploads\/2022\/09\/Taquilla-fenolico-TF2-MADERA-BANCO-F3.jpg\",\"contentUrl\":\"https:\/\/www.mobelmol.com\/wp-content\/uploads\/2022\/09\/Taquilla-fenolico-TF2-MADERA-BANCO-F3.jpg\",\"width\":750,\"height\":500,\"caption\":\"taquilles i bancs per a vestidors\"},{\"@type\":\"WebPage\",\"@id\":\"https:\/\/www.mobelmol.com\/ca\/producto\/banc-especial\/#webpage\",\"url\":\"https:\/\/www.mobelmol.com\/ca\/producto\/banc-especial\/\",\"name\":\"Banc de fusta especial - Mobelmol\",\"isPartOf\":{\"@id\":\"https:\/\/www.mobelmol.com\/ca\/#website\"},\"primaryImageOfPage\":{\"@id\":\"https:\/\/www.mobelmol.com\/ca\/producto\/banc-especial\/#primaryimage\"},\"datePublished\":\"2022-09-30T10:54:33+00:00\",\"dateModified\":\"2022-10-27T06:20:48+00:00\",\"description\":\"Banc de fusta especial per diferents aplicacions de vestuari amb seients en compacte fen\\u00f2lic, fusta massissa i m\\u00e9s especificacions. Qualitat en Mobelmol.\",\"breadcrumb\":{\"@id\":\"https:\/\/www.mobelmol.com\/ca\/producto\/banc-especial\/#breadcrumb\"},\"inLanguage\":\"ca\",\"potentialAction\":[{\"@type\":\"ReadAction\",\"target\":[\"https:\/\/www.mobelmol.com\/ca\/producto\/banc-especial\/\"]}]},{\"@type\":\"BreadcrumbList\",\"@id\":\"https:\/\/www.mobelmol.com\/ca\/producto\/banc-especial\/#breadcrumb\",\"itemListElement\":[{\"@type\":\"ListItem\",\"position\":1,\"name\":\"Portada\",\"item\":\"https:\/\/www.mobelmol.com\/ca\/\"},{\"@type\":\"ListItem\",\"position\":2,\"name\":\"Productes\",\"item\":\"https:\/\/www.mobelmol.com\/ca\/productes-mobiliari-vestuaris-revestiments\/\"},{\"@type\":\"ListItem\",\"position\":3,\"name\":\"Banc especial\"}]}]}<\/script>\n<!-- \/ Yoast SEO plugin. -->","yoast_head_json":{"title":"Banc de fusta especial - Mobelmol","description":"Banc de fusta especial per diferents aplicacions de vestuari amb seients en compacte fen\u00f2lic, fusta massissa i m\u00e9s especificacions. Qualitat en Mobelmol.","robots":{"index":"index","follow":"follow","max-snippet":"max-snippet:-1","max-image-preview":"max-image-preview:large","max-video-preview":"max-video-preview:-1"},"canonical":"https:\/\/www.mobelmol.com\/ca\/producto\/banc-especial\/","og_locale":"ca_ES","og_type":"article","og_title":"Banc de fusta especial - Mobelmol","og_description":"Banc de fusta especial per diferents aplicacions de vestuari amb seients en compacte fen\u00f2lic, fusta massissa i m\u00e9s especificacions. Qualitat en Mobelmol.","og_url":"https:\/\/www.mobelmol.com\/ca\/producto\/banc-especial\/","og_site_name":"Mobelmol","article_modified_time":"2022-10-27T06:20:48+00:00","og_image":[{"width":750,"height":500,"url":"https:\/\/www.mobelmol.com\/wp-content\/uploads\/2022\/09\/Taquilla-fenolico-TF2-MADERA-BANCO-F3.jpg","type":"image\/jpeg"}],"twitter_card":"summary_large_image","schema":{"@context":"https:\/\/schema.org","@graph":[{"@type":"Organization","@id":"https:\/\/www.mobelmol.com\/ca\/#organization","name":"Mobelmol","url":"https:\/\/www.mobelmol.com\/ca\/","sameAs":[],"logo":{"@type":"ImageObject","@id":"https:\/\/www.mobelmol.com\/ca\/#logo","inLanguage":"ca","url":"https:\/\/www.mobelmol.com\/wp-content\/uploads\/2021\/05\/lgo-mobelmol.svg","contentUrl":"https:\/\/www.mobelmol.com\/wp-content\/uploads\/2021\/05\/lgo-mobelmol.svg","width":100,"height":100,"caption":"Mobelmol"},"image":{"@id":"https:\/\/www.mobelmol.com\/ca\/#logo"}},{"@type":"WebSite","@id":"https:\/\/www.mobelmol.com\/ca\/#website","url":"https:\/\/www.mobelmol.com\/ca\/","name":"Mobelmol","description":"Fabricaci\u00f3n e instalaci\u00f3n de equipamiento y mobiliario con panel compacto","publisher":{"@id":"https:\/\/www.mobelmol.com\/ca\/#organization"},"potentialAction":[{"@type":"SearchAction","target":{"@type":"EntryPoint","urlTemplate":"https:\/\/www.mobelmol.com\/ca\/?s={search_term_string}"},"query-input":"required name=search_term_string"}],"inLanguage":"ca"},{"@type":"ImageObject","@id":"https:\/\/www.mobelmol.com\/ca\/producto\/banc-especial\/#primaryimage","inLanguage":"ca","url":"https:\/\/www.mobelmol.com\/wp-content\/uploads\/2022\/09\/Taquilla-fenolico-TF2-MADERA-BANCO-F3.jpg","contentUrl":"https:\/\/www.mobelmol.com\/wp-content\/uploads\/2022\/09\/Taquilla-fenolico-TF2-MADERA-BANCO-F3.jpg","width":750,"height":500,"caption":"taquilles i bancs per a vestidors"},{"@type":"WebPage","@id":"https:\/\/www.mobelmol.com\/ca\/producto\/banc-especial\/#webpage","url":"https:\/\/www.mobelmol.com\/ca\/producto\/banc-especial\/","name":"Banc de fusta especial - Mobelmol","isPartOf":{"@id":"https:\/\/www.mobelmol.com\/ca\/#website"},"primaryImageOfPage":{"@id":"https:\/\/www.mobelmol.com\/ca\/producto\/banc-especial\/#primaryimage"},"datePublished":"2022-09-30T10:54:33+00:00","dateModified":"2022-10-27T06:20:48+00:00","description":"Banc de fusta especial per diferents aplicacions de vestuari amb seients en compacte fen\u00f2lic, fusta massissa i m\u00e9s especificacions. Qualitat en Mobelmol.","breadcrumb":{"@id":"https:\/\/www.mobelmol.com\/ca\/producto\/banc-especial\/#breadcrumb"},"inLanguage":"ca","potentialAction":[{"@type":"ReadAction","target":["https:\/\/www.mobelmol.com\/ca\/producto\/banc-especial\/"]}]},{"@type":"BreadcrumbList","@id":"https:\/\/www.mobelmol.com\/ca\/producto\/banc-especial\/#breadcrumb","itemListElement":[{"@type":"ListItem","position":1,"name":"Portada","item":"https:\/\/www.mobelmol.com\/ca\/"},{"@type":"ListItem","position":2,"name":"Productes","item":"https:\/\/www.mobelmol.com\/ca\/productes-mobiliari-vestuaris-revestiments\/"},{"@type":"ListItem","position":3,"name":"Banc especial"}]}]}},"_links":{"self":[{"href":"https:\/\/www.mobelmol.com\/ca\/wp-json\/wp\/v2\/product\/8538","targetHints":{"allow":["GET"]}}],"collection":[{"href":"https:\/\/www.mobelmol.com\/ca\/wp-json\/wp\/v2\/product"}],"about":[{"href":"https:\/\/www.mobelmol.com\/ca\/wp-json\/wp\/v2\/types\/product"}],"wp:featuredmedia":[{"embeddable":true,"href":"https:\/\/www.mobelmol.com\/ca\/wp-json\/wp\/v2\/media\/8514"}],"wp:attachment":[{"href":"https:\/\/www.mobelmol.com\/ca\/wp-json\/wp\/v2\/media?parent=8538"}],"wp:term":[{"taxonomy":"product_cat","embeddable":true,"href":"https:\/\/www.mobelmol.com\/ca\/wp-json\/wp\/v2\/product_cat?post=8538"},{"taxonomy":"product_tag","embeddable":true,"href":"https:\/\/www.mobelmol.com\/ca\/wp-json\/wp\/v2\/product_tag?post=8538"}],"curies":[{"name":"wp","href":"https:\/\/api.w.org\/{rel}","templated":true}]}}

<p>Banc especial:</p>
<ul>
<li>Seient en compacte fenòlic, fusta massissa, …</li>
<li>Qualsevol tipus destructura suport.</li>
<li>El departament tècnic poden dissenyar qualsevol model de banc especial que pel tipus de distribució, material o mides s&#8217;adapti a una necessitat molt específica dels nostres clients.</li>
</ul>

<p>Banc especial: Seient en compacte fenòlic, fusta massissa, … Qualsevol tipus destructura suport. El departament tècnic poden dissenyar qualsevol model de banc especial que pel tipus de distribució, material o mides s&#8217;adapti a una necessitat molt específica dels nostres clients.</p>

<!-- This site is optimized with the Yoast SEO plugin v17.8 - https://yoast.com/wordpress/plugins/seo/ -->
<title>Banc de fusta especial - Mobelmol</title>
<meta name="description" content="Banc de fusta especial per diferents aplicacions de vestuari amb seients en compacte fenòlic, fusta massissa i més especificacions. Qualitat en Mobelmol." />
<meta name="robots" content="index, follow, max-snippet:-1, max-image-preview:large, max-video-preview:-1" />
<link rel="canonical" href="https://www.mobelmol.com/ca/producto/banc-especial/" />
<meta property="og:locale" content="ca_ES" />
<meta property="og:type" content="article" />
<meta property="og:title" content="Banc de fusta especial - Mobelmol" />
<meta property="og:description" content="Banc de fusta especial per diferents aplicacions de vestuari amb seients en compacte fenòlic, fusta massissa i més especificacions. Qualitat en Mobelmol." />
<meta property="og:url" content="https://www.mobelmol.com/ca/producto/banc-especial/" />
<meta property="og:site_name" content="Mobelmol" />
<meta property="article:modified_time" content="2022-10-27T06:20:48+00:00" />
<meta property="og:image" content="https://www.mobelmol.com/wp-content/uploads/2022/09/Taquilla-fenolico-TF2-MADERA-BANCO-F3.jpg" />
	<meta property="og:image:width" content="750" />
	<meta property="og:image:height" content="500" />
<meta name="twitter:card" content="summary_large_image" />
<script type="application/ld+json" class="yoast-schema-graph">{"@context":"https://schema.org","@graph":[{"@type":"Organization","@id":"https://www.mobelmol.com/ca/#organization","name":"Mobelmol","url":"https://www.mobelmol.com/ca/","sameAs":[],"logo":{"@type":"ImageObject","@id":"https://www.mobelmol.com/ca/#logo","inLanguage":"ca","url":"https://www.mobelmol.com/wp-content/uploads/2021/05/lgo-mobelmol.svg","contentUrl":"https://www.mobelmol.com/wp-content/uploads/2021/05/lgo-mobelmol.svg","width":100,"height":100,"caption":"Mobelmol"},"image":{"@id":"https://www.mobelmol.com/ca/#logo"}},{"@type":"WebSite","@id":"https://www.mobelmol.com/ca/#website","url":"https://www.mobelmol.com/ca/","name":"Mobelmol","description":"Fabricaci\u00f3n e instalaci\u00f3n de equipamiento y mobiliario con panel compacto","publisher":{"@id":"https://www.mobelmol.com/ca/#organization"},"potentialAction":[{"@type":"SearchAction","target":{"@type":"EntryPoint","urlTemplate":"https://www.mobelmol.com/ca/?s={search_term_string}"},"query-input":"required name=search_term_string"}],"inLanguage":"ca"},{"@type":"ImageObject","@id":"https://www.mobelmol.com/ca/producto/banc-especial/#primaryimage","inLanguage":"ca","url":"https://www.mobelmol.com/wp-content/uploads/2022/09/Taquilla-fenolico-TF2-MADERA-BANCO-F3.jpg","contentUrl":"https://www.mobelmol.com/wp-content/uploads/2022/09/Taquilla-fenolico-TF2-MADERA-BANCO-F3.jpg","width":750,"height":500,"caption":"taquilles i bancs per a vestidors"},{"@type":"WebPage","@id":"https://www.mobelmol.com/ca/producto/banc-especial/#webpage","url":"https://www.mobelmol.com/ca/producto/banc-especial/","name":"Banc de fusta especial - Mobelmol","isPartOf":{"@id":"https://www.mobelmol.com/ca/#website"},"primaryImageOfPage":{"@id":"https://www.mobelmol.com/ca/producto/banc-especial/#primaryimage"},"datePublished":"2022-09-30T10:54:33+00:00","dateModified":"2022-10-27T06:20:48+00:00","description":"Banc de fusta especial per diferents aplicacions de vestuari amb seients en compacte fen\u00f2lic, fusta massissa i m\u00e9s especificacions. Qualitat en Mobelmol.","breadcrumb":{"@id":"https://www.mobelmol.com/ca/producto/banc-especial/#breadcrumb"},"inLanguage":"ca","potentialAction":[{"@type":"ReadAction","target":["https://www.mobelmol.com/ca/producto/banc-especial/"]}]},{"@type":"BreadcrumbList","@id":"https://www.mobelmol.com/ca/producto/banc-especial/#breadcrumb","itemListElement":[{"@type":"ListItem","position":1,"name":"Portada","item":"https://www.mobelmol.com/ca/"},{"@type":"ListItem","position":2,"name":"Productes","item":"https://www.mobelmol.com/ca/productes-mobiliari-vestuaris-revestiments/"},{"@type":"ListItem","position":3,"name":"Banc especial"}]}]}</script>
<!-- / Yoast SEO plugin. -->

Banc de fusta especial per diferents aplicacions de vestuari amb seients en compacte fenòlic, fusta massissa i més especificacions. Qualitat en Mobelmol.

Fabricación e instalación de equipamiento y mobiliario con panel compacto
