{"id":5815,"date":"2021-09-06T10:33:29","date_gmt":"2021-09-06T10:33:29","guid":{"rendered":"https:\/\/mobelmol.mmkt.dev\/?post_type=product&#038;p=5815"},"modified":"2022-08-10T08:07:44","modified_gmt":"2022-08-10T08:07:44","slug":"revestimiento-para-puertas","status":"publish","type":"product","link":"https:\/\/www.mobelmol.com\/es\/producto\/revestimiento-para-puertas\/","title":{"rendered":"Puerta marco revestido"},"content":{"rendered":"<p>La empresa de mobiliario y equipamiento profesional Mobelmol ofrece los productos de la mejor calidad combinando su larga experiencia en el sector junto con las mat\u00e9rias primas de la mejor calidad, dando un servicio que abarca todo tipo de proyectos, desde escuelas hasta oficinas, y adaptando el mobiliario de forma totalmente personalizada si asilo requiere la situaci\u00f3n o las caracter\u00edsticas necesarias del mismo.<\/p>\n<p>Esto se debe a que a empresa controla desde el inicio del proyecto todos las fases al constituir desde el dise\u00f1o, siguiendo con la fabricaci\u00f3n y terminado con la instalaci\u00f3n del producto finalizado con \u00e9xito.<\/p>\n<p>Las Puerta de Marco Revestido, de la mejor calidad y precio, forman parte de su\u00a0<a href=\"https:\/\/www.mobelmol.com\/es\/catalogo-prescripcion-tablero-fenolico\/\">amplio cat\u00e1logo de mobiliario y equipamiento<\/a>.<\/p>\n<h2>Dise\u00f1o y fabricaci\u00f3n de Puerta con Marco Revestido<\/h2>\n<p>Existen distintas ocasiones en las que las Puertas de este tipo, con marco revestido son la mejor opci\u00f3n, pues aportan un extra de funcionalidad a las caracter\u00edsticas t\u00edpicas que se espera de este tipo de mobiliario. Nos sirven para dar un tipo de ambiente concreto, al tener la posibilidad de revestirse seg\u00fan el proyecto requiere, siendo una de las puertas m\u00e1s vers\u00e1tiles del\u00a0cat\u00e1logo de <a href=\"https:\/\/www.mobelmol.com\/es\/familia\/puertas-fenolicas-a-medida-compact\/\">puertas Compact<\/a> de Mobelmol.<\/p>\n<h2>Nuestras Puerta con Marco de Revestimiento<\/h2>\n<p>A continuaci\u00f3n, las principales caracterices que conforman nuestras puertas tipo revestimiento:<\/p>\n<ul>\n<li>Marco de taco revestido, de HPL, melanina, o de DM para lacar.<\/li>\n<li>Hoja construida a base de sandwich formado por placa de resinas fen\u00f3licas tipo Trespa (H.P.L.) de 3mm. por cada cara.<\/li>\n<li>Bastidor perimetral de resinas macizo perfilado y aislante de poliestireno en el interior.<\/li>\n<li>Tres bisagras inox.<\/li>\n<li>Cerradura inox. de golpe y llave o golpe y condena.<\/li>\n<li>Admite cualquier tipo de maneta.<\/li>\n<\/ul>\n<p>Desde el dise\u00f1o de la puerta revestida hasta la fabricaci\u00f3n e instalaci\u00f3n del mismo, todo el proceso se realiza en Mobelmol, prestando servicios totalmente personalizados para el proyecto y su exitosa ejecuci\u00f3n.<\/p>\n","protected":false},"excerpt":{"rendered":"<p>La empresa de mobiliario y equipamiento profesional Mobelmol ofrece los productos de la mejor calidad combinando su larga experiencia en el sector junto con las mat\u00e9rias primas de la mejor calidad, dando un servicio que abarca todo tipo de proyectos, desde escuelas hasta oficinas, y adaptando el mobiliario de forma totalmente personalizada si asilo requiere&#8230;<\/p>\n","protected":false},"featured_media":5816,"template":"","meta":[],"product_cat":[382],"product_tag":[],"class_list":["post-5815","product","type-product","status-publish","has-post-thumbnail","hentry","product_cat-puertas-fenolicas-a-medida-compact"],"acf":[],"yoast_head":"<!-- This site is optimized with the Yoast SEO plugin v17.8 - https:\/\/yoast.com\/wordpress\/plugins\/seo\/ -->\n<title>Expertos en Puertas y Revestimiento para Puertas\u2013 Mobelmol<\/title>\n<meta name=\"description\" content=\"Mobelmol, con a\u00f1os en el sector ofrece la mejor calidad en Puertas y Revestimiento para Puertas. Funcionales, est\u00e9ticas y resistentes.\" \/>\n<meta name=\"robots\" content=\"index, follow, max-snippet:-1, max-image-preview:large, max-video-preview:-1\" \/>\n<link rel=\"canonical\" href=\"https:\/\/www.mobelmol.com\/es\/producto\/revestimiento-para-puertas\/\" \/>\n<meta property=\"og:locale\" content=\"es_ES\" \/>\n<meta property=\"og:type\" content=\"article\" \/>\n<meta property=\"og:title\" content=\"Expertos en Puertas y Revestimiento para Puertas\u2013 Mobelmol\" \/>\n<meta property=\"og:description\" content=\"Mobelmol, con a\u00f1os en el sector ofrece la mejor calidad en Puertas y Revestimiento para Puertas. Funcionales, est\u00e9ticas y resistentes.\" \/>\n<meta property=\"og:url\" content=\"https:\/\/www.mobelmol.com\/es\/producto\/revestimiento-para-puertas\/\" \/>\n<meta property=\"og:site_name\" content=\"Mobelmol\" \/>\n<meta property=\"article:modified_time\" content=\"2022-08-10T08:07:44+00:00\" \/>\n<meta property=\"og:image\" content=\"https:\/\/www.mobelmol.com\/wp-content\/uploads\/2021\/09\/Puerta-Taco-Revestido-4.jpg\" \/>\n\t<meta property=\"og:image:width\" content=\"750\" \/>\n\t<meta property=\"og:image:height\" content=\"497\" \/>\n<meta name=\"twitter:card\" content=\"summary_large_image\" \/>\n<meta name=\"twitter:label1\" content=\"Tiempo de lectura\" \/>\n\t<meta name=\"twitter:data1\" content=\"2 minutos\" \/>\n<script type=\"application\/ld+json\" class=\"yoast-schema-graph\">{\"@context\":\"https:\/\/schema.org\",\"@graph\":[{\"@type\":\"Organization\",\"@id\":\"https:\/\/www.mobelmol.com\/es\/#organization\",\"name\":\"Mobelmol\",\"url\":\"https:\/\/www.mobelmol.com\/es\/\",\"sameAs\":[],\"logo\":{\"@type\":\"ImageObject\",\"@id\":\"https:\/\/www.mobelmol.com\/es\/#logo\",\"inLanguage\":\"es\",\"url\":\"https:\/\/www.mobelmol.com\/wp-content\/uploads\/2021\/05\/lgo-mobelmol.svg\",\"contentUrl\":\"https:\/\/www.mobelmol.com\/wp-content\/uploads\/2021\/05\/lgo-mobelmol.svg\",\"width\":100,\"height\":100,\"caption\":\"Mobelmol\"},\"image\":{\"@id\":\"https:\/\/www.mobelmol.com\/es\/#logo\"}},{\"@type\":\"WebSite\",\"@id\":\"https:\/\/www.mobelmol.com\/es\/#website\",\"url\":\"https:\/\/www.mobelmol.com\/es\/\",\"name\":\"Mobelmol\",\"description\":\"Fabricaci\\u00f3n e instalaci\\u00f3n de equipamiento y mobiliario con panel compacto\",\"publisher\":{\"@id\":\"https:\/\/www.mobelmol.com\/es\/#organization\"},\"potentialAction\":[{\"@type\":\"SearchAction\",\"target\":{\"@type\":\"EntryPoint\",\"urlTemplate\":\"https:\/\/www.mobelmol.com\/es\/?s={search_term_string}\"},\"query-input\":\"required name=search_term_string\"}],\"inLanguage\":\"es\"},{\"@type\":\"ImageObject\",\"@id\":\"https:\/\/www.mobelmol.com\/es\/producto\/revestimiento-para-puertas\/#primaryimage\",\"inLanguage\":\"es\",\"url\":\"https:\/\/www.mobelmol.com\/wp-content\/uploads\/2021\/09\/Puerta-Taco-Revestido-4.jpg\",\"contentUrl\":\"https:\/\/www.mobelmol.com\/wp-content\/uploads\/2021\/09\/Puerta-Taco-Revestido-4.jpg\",\"width\":750,\"height\":497,\"caption\":\"Puerta marco revestido\"},{\"@type\":\"WebPage\",\"@id\":\"https:\/\/www.mobelmol.com\/es\/producto\/revestimiento-para-puertas\/#webpage\",\"url\":\"https:\/\/www.mobelmol.com\/es\/producto\/revestimiento-para-puertas\/\",\"name\":\"Expertos en Puertas y Revestimiento para Puertas\\u2013 Mobelmol\",\"isPartOf\":{\"@id\":\"https:\/\/www.mobelmol.com\/es\/#website\"},\"primaryImageOfPage\":{\"@id\":\"https:\/\/www.mobelmol.com\/es\/producto\/revestimiento-para-puertas\/#primaryimage\"},\"datePublished\":\"2021-09-06T10:33:29+00:00\",\"dateModified\":\"2022-08-10T08:07:44+00:00\",\"description\":\"Mobelmol, con a\\u00f1os en el sector ofrece la mejor calidad en Puertas y Revestimiento para Puertas. Funcionales, est\\u00e9ticas y resistentes.\",\"breadcrumb\":{\"@id\":\"https:\/\/www.mobelmol.com\/es\/producto\/revestimiento-para-puertas\/#breadcrumb\"},\"inLanguage\":\"es\",\"potentialAction\":[{\"@type\":\"ReadAction\",\"target\":[\"https:\/\/www.mobelmol.com\/es\/producto\/revestimiento-para-puertas\/\"]}]},{\"@type\":\"BreadcrumbList\",\"@id\":\"https:\/\/www.mobelmol.com\/es\/producto\/revestimiento-para-puertas\/#breadcrumb\",\"itemListElement\":[{\"@type\":\"ListItem\",\"position\":1,\"name\":\"Portada\",\"item\":\"https:\/\/www.mobelmol.com\/es\/\"},{\"@type\":\"ListItem\",\"position\":2,\"name\":\"Productos\",\"item\":\"https:\/\/www.mobelmol.com\/es\/productos-mobiliario-vestuarios-revestimientos\/\"},{\"@type\":\"ListItem\",\"position\":3,\"name\":\"Puerta marco revestido\"}]}]}<\/script>\n<!-- \/ Yoast SEO plugin. -->","yoast_head_json":{"title":"Expertos en Puertas y Revestimiento para Puertas\u2013 Mobelmol","description":"Mobelmol, con a\u00f1os en el sector ofrece la mejor calidad en Puertas y Revestimiento para Puertas. Funcionales, est\u00e9ticas y resistentes.","robots":{"index":"index","follow":"follow","max-snippet":"max-snippet:-1","max-image-preview":"max-image-preview:large","max-video-preview":"max-video-preview:-1"},"canonical":"https:\/\/www.mobelmol.com\/es\/producto\/revestimiento-para-puertas\/","og_locale":"es_ES","og_type":"article","og_title":"Expertos en Puertas y Revestimiento para Puertas\u2013 Mobelmol","og_description":"Mobelmol, con a\u00f1os en el sector ofrece la mejor calidad en Puertas y Revestimiento para Puertas. Funcionales, est\u00e9ticas y resistentes.","og_url":"https:\/\/www.mobelmol.com\/es\/producto\/revestimiento-para-puertas\/","og_site_name":"Mobelmol","article_modified_time":"2022-08-10T08:07:44+00:00","og_image":[{"width":750,"height":497,"url":"https:\/\/www.mobelmol.com\/wp-content\/uploads\/2021\/09\/Puerta-Taco-Revestido-4.jpg","type":"image\/jpeg"}],"twitter_card":"summary_large_image","twitter_misc":{"Tiempo de lectura":"2 minutos"},"schema":{"@context":"https:\/\/schema.org","@graph":[{"@type":"Organization","@id":"https:\/\/www.mobelmol.com\/es\/#organization","name":"Mobelmol","url":"https:\/\/www.mobelmol.com\/es\/","sameAs":[],"logo":{"@type":"ImageObject","@id":"https:\/\/www.mobelmol.com\/es\/#logo","inLanguage":"es","url":"https:\/\/www.mobelmol.com\/wp-content\/uploads\/2021\/05\/lgo-mobelmol.svg","contentUrl":"https:\/\/www.mobelmol.com\/wp-content\/uploads\/2021\/05\/lgo-mobelmol.svg","width":100,"height":100,"caption":"Mobelmol"},"image":{"@id":"https:\/\/www.mobelmol.com\/es\/#logo"}},{"@type":"WebSite","@id":"https:\/\/www.mobelmol.com\/es\/#website","url":"https:\/\/www.mobelmol.com\/es\/","name":"Mobelmol","description":"Fabricaci\u00f3n e instalaci\u00f3n de equipamiento y mobiliario con panel compacto","publisher":{"@id":"https:\/\/www.mobelmol.com\/es\/#organization"},"potentialAction":[{"@type":"SearchAction","target":{"@type":"EntryPoint","urlTemplate":"https:\/\/www.mobelmol.com\/es\/?s={search_term_string}"},"query-input":"required name=search_term_string"}],"inLanguage":"es"},{"@type":"ImageObject","@id":"https:\/\/www.mobelmol.com\/es\/producto\/revestimiento-para-puertas\/#primaryimage","inLanguage":"es","url":"https:\/\/www.mobelmol.com\/wp-content\/uploads\/2021\/09\/Puerta-Taco-Revestido-4.jpg","contentUrl":"https:\/\/www.mobelmol.com\/wp-content\/uploads\/2021\/09\/Puerta-Taco-Revestido-4.jpg","width":750,"height":497,"caption":"Puerta marco revestido"},{"@type":"WebPage","@id":"https:\/\/www.mobelmol.com\/es\/producto\/revestimiento-para-puertas\/#webpage","url":"https:\/\/www.mobelmol.com\/es\/producto\/revestimiento-para-puertas\/","name":"Expertos en Puertas y Revestimiento para Puertas\u2013 Mobelmol","isPartOf":{"@id":"https:\/\/www.mobelmol.com\/es\/#website"},"primaryImageOfPage":{"@id":"https:\/\/www.mobelmol.com\/es\/producto\/revestimiento-para-puertas\/#primaryimage"},"datePublished":"2021-09-06T10:33:29+00:00","dateModified":"2022-08-10T08:07:44+00:00","description":"Mobelmol, con a\u00f1os en el sector ofrece la mejor calidad en Puertas y Revestimiento para Puertas. Funcionales, est\u00e9ticas y resistentes.","breadcrumb":{"@id":"https:\/\/www.mobelmol.com\/es\/producto\/revestimiento-para-puertas\/#breadcrumb"},"inLanguage":"es","potentialAction":[{"@type":"ReadAction","target":["https:\/\/www.mobelmol.com\/es\/producto\/revestimiento-para-puertas\/"]}]},{"@type":"BreadcrumbList","@id":"https:\/\/www.mobelmol.com\/es\/producto\/revestimiento-para-puertas\/#breadcrumb","itemListElement":[{"@type":"ListItem","position":1,"name":"Portada","item":"https:\/\/www.mobelmol.com\/es\/"},{"@type":"ListItem","position":2,"name":"Productos","item":"https:\/\/www.mobelmol.com\/es\/productos-mobiliario-vestuarios-revestimientos\/"},{"@type":"ListItem","position":3,"name":"Puerta marco revestido"}]}]}},"_links":{"self":[{"href":"https:\/\/www.mobelmol.com\/es\/wp-json\/wp\/v2\/product\/5815","targetHints":{"allow":["GET"]}}],"collection":[{"href":"https:\/\/www.mobelmol.com\/es\/wp-json\/wp\/v2\/product"}],"about":[{"href":"https:\/\/www.mobelmol.com\/es\/wp-json\/wp\/v2\/types\/product"}],"wp:featuredmedia":[{"embeddable":true,"href":"https:\/\/www.mobelmol.com\/es\/wp-json\/wp\/v2\/media\/5816"}],"wp:attachment":[{"href":"https:\/\/www.mobelmol.com\/es\/wp-json\/wp\/v2\/media?parent=5815"}],"wp:term":[{"taxonomy":"product_cat","embeddable":true,"href":"https:\/\/www.mobelmol.com\/es\/wp-json\/wp\/v2\/product_cat?post=5815"},{"taxonomy":"product_tag","embeddable":true,"href":"https:\/\/www.mobelmol.com\/es\/wp-json\/wp\/v2\/product_tag?post=5815"}],"curies":[{"name":"wp","href":"https:\/\/api.w.org\/{rel}","templated":true}]}}

<p>La empresa de mobiliario y equipamiento profesional Mobelmol ofrece los productos de la mejor calidad combinando su larga experiencia en el sector junto con las matérias primas de la mejor calidad, dando un servicio que abarca todo tipo de proyectos, desde escuelas hasta oficinas, y adaptando el mobiliario de forma totalmente personalizada si asilo requiere la situación o las características necesarias del mismo.</p>
<p>Esto se debe a que a empresa controla desde el inicio del proyecto todos las fases al constituir desde el diseño, siguiendo con la fabricación y terminado con la instalación del producto finalizado con éxito.</p>
<p>Las Puerta de Marco Revestido, de la mejor calidad y precio, forman parte de su <a href="https://www.mobelmol.com/es/catalogo-prescripcion-tablero-fenolico/">amplio catálogo de mobiliario y equipamiento</a>.</p>
<h2>Diseño y fabricación de Puerta con Marco Revestido</h2>
<p>Existen distintas ocasiones en las que las Puertas de este tipo, con marco revestido son la mejor opción, pues aportan un extra de funcionalidad a las características típicas que se espera de este tipo de mobiliario. Nos sirven para dar un tipo de ambiente concreto, al tener la posibilidad de revestirse según el proyecto requiere, siendo una de las puertas más versátiles del catálogo de <a href="https://www.mobelmol.com/es/familia/puertas-fenolicas-a-medida-compact/">puertas Compact</a> de Mobelmol.</p>
<h2>Nuestras Puerta con Marco de Revestimiento</h2>
<p>A continuación, las principales caracterices que conforman nuestras puertas tipo revestimiento:</p>
<ul>
<li>Marco de taco revestido, de HPL, melanina, o de DM para lacar.</li>
<li>Hoja construida a base de sandwich formado por placa de resinas fenólicas tipo Trespa (H.P.L.) de 3mm. por cada cara.</li>
<li>Bastidor perimetral de resinas macizo perfilado y aislante de poliestireno en el interior.</li>
<li>Tres bisagras inox.</li>
<li>Cerradura inox. de golpe y llave o golpe y condena.</li>
<li>Admite cualquier tipo de maneta.</li>
</ul>
<p>Desde el diseño de la puerta revestida hasta la fabricación e instalación del mismo, todo el proceso se realiza en Mobelmol, prestando servicios totalmente personalizados para el proyecto y su exitosa ejecución.</p>

<p>La empresa de mobiliario y equipamiento profesional Mobelmol ofrece los productos de la mejor calidad combinando su larga experiencia en el sector junto con las matérias primas de la mejor calidad, dando un servicio que abarca todo tipo de proyectos, desde escuelas hasta oficinas, y adaptando el mobiliario de forma totalmente personalizada si asilo requiere&#8230;</p>

<!-- This site is optimized with the Yoast SEO plugin v17.8 - https://yoast.com/wordpress/plugins/seo/ -->
<title>Expertos en Puertas y Revestimiento para Puertas– Mobelmol</title>
<meta name="description" content="Mobelmol, con años en el sector ofrece la mejor calidad en Puertas y Revestimiento para Puertas. Funcionales, estéticas y resistentes." />
<meta name="robots" content="index, follow, max-snippet:-1, max-image-preview:large, max-video-preview:-1" />
<link rel="canonical" href="https://www.mobelmol.com/es/producto/revestimiento-para-puertas/" />
<meta property="og:locale" content="es_ES" />
<meta property="og:type" content="article" />
<meta property="og:title" content="Expertos en Puertas y Revestimiento para Puertas– Mobelmol" />
<meta property="og:description" content="Mobelmol, con años en el sector ofrece la mejor calidad en Puertas y Revestimiento para Puertas. Funcionales, estéticas y resistentes." />
<meta property="og:url" content="https://www.mobelmol.com/es/producto/revestimiento-para-puertas/" />
<meta property="og:site_name" content="Mobelmol" />
<meta property="article:modified_time" content="2022-08-10T08:07:44+00:00" />
<meta property="og:image" content="https://www.mobelmol.com/wp-content/uploads/2021/09/Puerta-Taco-Revestido-4.jpg" />
	<meta property="og:image:width" content="750" />
	<meta property="og:image:height" content="497" />
<meta name="twitter:card" content="summary_large_image" />
<meta name="twitter:label1" content="Tiempo de lectura" />
	<meta name="twitter:data1" content="2 minutos" />
<script type="application/ld+json" class="yoast-schema-graph">{"@context":"https://schema.org","@graph":[{"@type":"Organization","@id":"https://www.mobelmol.com/es/#organization","name":"Mobelmol","url":"https://www.mobelmol.com/es/","sameAs":[],"logo":{"@type":"ImageObject","@id":"https://www.mobelmol.com/es/#logo","inLanguage":"es","url":"https://www.mobelmol.com/wp-content/uploads/2021/05/lgo-mobelmol.svg","contentUrl":"https://www.mobelmol.com/wp-content/uploads/2021/05/lgo-mobelmol.svg","width":100,"height":100,"caption":"Mobelmol"},"image":{"@id":"https://www.mobelmol.com/es/#logo"}},{"@type":"WebSite","@id":"https://www.mobelmol.com/es/#website","url":"https://www.mobelmol.com/es/","name":"Mobelmol","description":"Fabricaci\u00f3n e instalaci\u00f3n de equipamiento y mobiliario con panel compacto","publisher":{"@id":"https://www.mobelmol.com/es/#organization"},"potentialAction":[{"@type":"SearchAction","target":{"@type":"EntryPoint","urlTemplate":"https://www.mobelmol.com/es/?s={search_term_string}"},"query-input":"required name=search_term_string"}],"inLanguage":"es"},{"@type":"ImageObject","@id":"https://www.mobelmol.com/es/producto/revestimiento-para-puertas/#primaryimage","inLanguage":"es","url":"https://www.mobelmol.com/wp-content/uploads/2021/09/Puerta-Taco-Revestido-4.jpg","contentUrl":"https://www.mobelmol.com/wp-content/uploads/2021/09/Puerta-Taco-Revestido-4.jpg","width":750,"height":497,"caption":"Puerta marco revestido"},{"@type":"WebPage","@id":"https://www.mobelmol.com/es/producto/revestimiento-para-puertas/#webpage","url":"https://www.mobelmol.com/es/producto/revestimiento-para-puertas/","name":"Expertos en Puertas y Revestimiento para Puertas\u2013 Mobelmol","isPartOf":{"@id":"https://www.mobelmol.com/es/#website"},"primaryImageOfPage":{"@id":"https://www.mobelmol.com/es/producto/revestimiento-para-puertas/#primaryimage"},"datePublished":"2021-09-06T10:33:29+00:00","dateModified":"2022-08-10T08:07:44+00:00","description":"Mobelmol, con a\u00f1os en el sector ofrece la mejor calidad en Puertas y Revestimiento para Puertas. Funcionales, est\u00e9ticas y resistentes.","breadcrumb":{"@id":"https://www.mobelmol.com/es/producto/revestimiento-para-puertas/#breadcrumb"},"inLanguage":"es","potentialAction":[{"@type":"ReadAction","target":["https://www.mobelmol.com/es/producto/revestimiento-para-puertas/"]}]},{"@type":"BreadcrumbList","@id":"https://www.mobelmol.com/es/producto/revestimiento-para-puertas/#breadcrumb","itemListElement":[{"@type":"ListItem","position":1,"name":"Portada","item":"https://www.mobelmol.com/es/"},{"@type":"ListItem","position":2,"name":"Productos","item":"https://www.mobelmol.com/es/productos-mobiliario-vestuarios-revestimientos/"},{"@type":"ListItem","position":3,"name":"Puerta marco revestido"}]}]}</script>
<!-- / Yoast SEO plugin. -->

Mobelmol, con años en el sector ofrece la mejor calidad en Puertas y Revestimiento para Puertas. Funcionales, estéticas y resistentes.

Fabricación e instalación de equipamiento y mobiliario con panel compacto
