{"id":6203,"date":"2021-10-14T09:52:47","date_gmt":"2021-10-14T09:52:47","guid":{"rendered":"https:\/\/mobelmol.mmkt.dev\/?post_type=product&#038;p=6203"},"modified":"2022-03-16T15:59:09","modified_gmt":"2022-03-16T15:59:09","slug":"revestimiento-fenolico-exterior-pared","status":"publish","type":"product","link":"https:\/\/www.mobelmol.com\/es\/producto\/revestimiento-fenolico-exterior-pared\/","title":{"rendered":"Revestimiento exterior"},"content":{"rendered":"<p>Revestimiento exterior a base de placa maciza de resinas fen\u00f3licas tipo Trespa de 10mm. de espesor, color a elegir. Fijaci\u00f3n vista (mec\u00e1nicamente sobre r\u00e1streles met\u00e1licos o de madera tratada) \u00f3 fijaci\u00f3n oculta (sobre r\u00e1streles de aluminio).<\/p>\n","protected":false},"excerpt":{"rendered":"<p>Revestimiento exterior a base de placa maciza de resinas fen\u00f3licas tipo Trespa de 10mm. de espesor, color a elegir. Fijaci\u00f3n vista (mec\u00e1nicamente sobre r\u00e1streles met\u00e1licos o de madera tratada) \u00f3 fijaci\u00f3n oculta (sobre r\u00e1streles de aluminio).<\/p>\n","protected":false},"featured_media":6204,"template":"","meta":[],"product_cat":[397],"product_tag":[],"class_list":["post-6203","product","type-product","status-publish","has-post-thumbnail","hentry","product_cat-revestimiento-pared-madera-fenolico"],"acf":[],"yoast_head":"<!-- This site is optimized with the Yoast SEO plugin v17.8 - https:\/\/yoast.com\/wordpress\/plugins\/seo\/ -->\n<title>Acabados de calidad en Revestimiento Fen\u00f3lico Exterior \u2013 Mobelmol<\/title>\n<meta name=\"description\" content=\"Calidad para un acabado impecable y duradero en Revestimiento Fen\u00f3lico Exterior. Conf\u00eda en Mobelmol para el Revestimiento de Pared Exterior.\" \/>\n<meta name=\"robots\" content=\"index, follow, max-snippet:-1, max-image-preview:large, max-video-preview:-1\" \/>\n<link rel=\"canonical\" href=\"https:\/\/www.mobelmol.com\/es\/producto\/revestimiento-fenolico-exterior-pared\/\" \/>\n<meta property=\"og:locale\" content=\"es_ES\" \/>\n<meta property=\"og:type\" content=\"article\" \/>\n<meta property=\"og:title\" content=\"Acabados de calidad en Revestimiento Fen\u00f3lico Exterior \u2013 Mobelmol\" \/>\n<meta property=\"og:description\" content=\"Calidad para un acabado impecable y duradero en Revestimiento Fen\u00f3lico Exterior. Conf\u00eda en Mobelmol para el Revestimiento de Pared Exterior.\" \/>\n<meta property=\"og:url\" content=\"https:\/\/www.mobelmol.com\/es\/producto\/revestimiento-fenolico-exterior-pared\/\" \/>\n<meta property=\"og:site_name\" content=\"Mobelmol\" \/>\n<meta property=\"article:modified_time\" content=\"2022-03-16T15:59:09+00:00\" \/>\n<meta property=\"og:image\" content=\"https:\/\/www.mobelmol.com\/wp-content\/uploads\/2021\/10\/Revestimiento-exterior-1.jpg\" \/>\n\t<meta property=\"og:image:width\" content=\"850\" \/>\n\t<meta property=\"og:image:height\" content=\"566\" \/>\n<meta name=\"twitter:card\" content=\"summary_large_image\" \/>\n<meta name=\"twitter:label1\" content=\"Tiempo de lectura\" \/>\n\t<meta name=\"twitter:data1\" content=\"1 minuto\" \/>\n<script type=\"application\/ld+json\" class=\"yoast-schema-graph\">{\"@context\":\"https:\/\/schema.org\",\"@graph\":[{\"@type\":\"Organization\",\"@id\":\"https:\/\/www.mobelmol.com\/es\/#organization\",\"name\":\"Mobelmol\",\"url\":\"https:\/\/www.mobelmol.com\/es\/\",\"sameAs\":[],\"logo\":{\"@type\":\"ImageObject\",\"@id\":\"https:\/\/www.mobelmol.com\/es\/#logo\",\"inLanguage\":\"es\",\"url\":\"https:\/\/www.mobelmol.com\/wp-content\/uploads\/2021\/05\/lgo-mobelmol.svg\",\"contentUrl\":\"https:\/\/www.mobelmol.com\/wp-content\/uploads\/2021\/05\/lgo-mobelmol.svg\",\"width\":100,\"height\":100,\"caption\":\"Mobelmol\"},\"image\":{\"@id\":\"https:\/\/www.mobelmol.com\/es\/#logo\"}},{\"@type\":\"WebSite\",\"@id\":\"https:\/\/www.mobelmol.com\/es\/#website\",\"url\":\"https:\/\/www.mobelmol.com\/es\/\",\"name\":\"Mobelmol\",\"description\":\"Fabricaci\\u00f3n e instalaci\\u00f3n de equipamiento y mobiliario con panel compacto\",\"publisher\":{\"@id\":\"https:\/\/www.mobelmol.com\/es\/#organization\"},\"potentialAction\":[{\"@type\":\"SearchAction\",\"target\":{\"@type\":\"EntryPoint\",\"urlTemplate\":\"https:\/\/www.mobelmol.com\/es\/?s={search_term_string}\"},\"query-input\":\"required name=search_term_string\"}],\"inLanguage\":\"es\"},{\"@type\":\"ImageObject\",\"@id\":\"https:\/\/www.mobelmol.com\/es\/producto\/revestimiento-fenolico-exterior-pared\/#primaryimage\",\"inLanguage\":\"es\",\"url\":\"https:\/\/www.mobelmol.com\/wp-content\/uploads\/2021\/10\/Revestimiento-exterior-1.jpg\",\"contentUrl\":\"https:\/\/www.mobelmol.com\/wp-content\/uploads\/2021\/10\/Revestimiento-exterior-1.jpg\",\"width\":850,\"height\":566,\"caption\":\"revestimiento exterior\"},{\"@type\":\"WebPage\",\"@id\":\"https:\/\/www.mobelmol.com\/es\/producto\/revestimiento-fenolico-exterior-pared\/#webpage\",\"url\":\"https:\/\/www.mobelmol.com\/es\/producto\/revestimiento-fenolico-exterior-pared\/\",\"name\":\"Acabados de calidad en Revestimiento Fen\\u00f3lico Exterior \\u2013 Mobelmol\",\"isPartOf\":{\"@id\":\"https:\/\/www.mobelmol.com\/es\/#website\"},\"primaryImageOfPage\":{\"@id\":\"https:\/\/www.mobelmol.com\/es\/producto\/revestimiento-fenolico-exterior-pared\/#primaryimage\"},\"datePublished\":\"2021-10-14T09:52:47+00:00\",\"dateModified\":\"2022-03-16T15:59:09+00:00\",\"description\":\"Calidad para un acabado impecable y duradero en Revestimiento Fen\\u00f3lico Exterior. Conf\\u00eda en Mobelmol para el Revestimiento de Pared Exterior.\",\"breadcrumb\":{\"@id\":\"https:\/\/www.mobelmol.com\/es\/producto\/revestimiento-fenolico-exterior-pared\/#breadcrumb\"},\"inLanguage\":\"es\",\"potentialAction\":[{\"@type\":\"ReadAction\",\"target\":[\"https:\/\/www.mobelmol.com\/es\/producto\/revestimiento-fenolico-exterior-pared\/\"]}]},{\"@type\":\"BreadcrumbList\",\"@id\":\"https:\/\/www.mobelmol.com\/es\/producto\/revestimiento-fenolico-exterior-pared\/#breadcrumb\",\"itemListElement\":[{\"@type\":\"ListItem\",\"position\":1,\"name\":\"Portada\",\"item\":\"https:\/\/www.mobelmol.com\/es\/\"},{\"@type\":\"ListItem\",\"position\":2,\"name\":\"Productos\",\"item\":\"https:\/\/www.mobelmol.com\/es\/productos-mobiliario-vestuarios-revestimientos\/\"},{\"@type\":\"ListItem\",\"position\":3,\"name\":\"Revestimiento exterior\"}]}]}<\/script>\n<!-- \/ Yoast SEO plugin. -->","yoast_head_json":{"title":"Acabados de calidad en Revestimiento Fen\u00f3lico Exterior \u2013 Mobelmol","description":"Calidad para un acabado impecable y duradero en Revestimiento Fen\u00f3lico Exterior. Conf\u00eda en Mobelmol para el Revestimiento de Pared Exterior.","robots":{"index":"index","follow":"follow","max-snippet":"max-snippet:-1","max-image-preview":"max-image-preview:large","max-video-preview":"max-video-preview:-1"},"canonical":"https:\/\/www.mobelmol.com\/es\/producto\/revestimiento-fenolico-exterior-pared\/","og_locale":"es_ES","og_type":"article","og_title":"Acabados de calidad en Revestimiento Fen\u00f3lico Exterior \u2013 Mobelmol","og_description":"Calidad para un acabado impecable y duradero en Revestimiento Fen\u00f3lico Exterior. Conf\u00eda en Mobelmol para el Revestimiento de Pared Exterior.","og_url":"https:\/\/www.mobelmol.com\/es\/producto\/revestimiento-fenolico-exterior-pared\/","og_site_name":"Mobelmol","article_modified_time":"2022-03-16T15:59:09+00:00","og_image":[{"width":850,"height":566,"url":"https:\/\/www.mobelmol.com\/wp-content\/uploads\/2021\/10\/Revestimiento-exterior-1.jpg","type":"image\/jpeg"}],"twitter_card":"summary_large_image","twitter_misc":{"Tiempo de lectura":"1 minuto"},"schema":{"@context":"https:\/\/schema.org","@graph":[{"@type":"Organization","@id":"https:\/\/www.mobelmol.com\/es\/#organization","name":"Mobelmol","url":"https:\/\/www.mobelmol.com\/es\/","sameAs":[],"logo":{"@type":"ImageObject","@id":"https:\/\/www.mobelmol.com\/es\/#logo","inLanguage":"es","url":"https:\/\/www.mobelmol.com\/wp-content\/uploads\/2021\/05\/lgo-mobelmol.svg","contentUrl":"https:\/\/www.mobelmol.com\/wp-content\/uploads\/2021\/05\/lgo-mobelmol.svg","width":100,"height":100,"caption":"Mobelmol"},"image":{"@id":"https:\/\/www.mobelmol.com\/es\/#logo"}},{"@type":"WebSite","@id":"https:\/\/www.mobelmol.com\/es\/#website","url":"https:\/\/www.mobelmol.com\/es\/","name":"Mobelmol","description":"Fabricaci\u00f3n e instalaci\u00f3n de equipamiento y mobiliario con panel compacto","publisher":{"@id":"https:\/\/www.mobelmol.com\/es\/#organization"},"potentialAction":[{"@type":"SearchAction","target":{"@type":"EntryPoint","urlTemplate":"https:\/\/www.mobelmol.com\/es\/?s={search_term_string}"},"query-input":"required name=search_term_string"}],"inLanguage":"es"},{"@type":"ImageObject","@id":"https:\/\/www.mobelmol.com\/es\/producto\/revestimiento-fenolico-exterior-pared\/#primaryimage","inLanguage":"es","url":"https:\/\/www.mobelmol.com\/wp-content\/uploads\/2021\/10\/Revestimiento-exterior-1.jpg","contentUrl":"https:\/\/www.mobelmol.com\/wp-content\/uploads\/2021\/10\/Revestimiento-exterior-1.jpg","width":850,"height":566,"caption":"revestimiento exterior"},{"@type":"WebPage","@id":"https:\/\/www.mobelmol.com\/es\/producto\/revestimiento-fenolico-exterior-pared\/#webpage","url":"https:\/\/www.mobelmol.com\/es\/producto\/revestimiento-fenolico-exterior-pared\/","name":"Acabados de calidad en Revestimiento Fen\u00f3lico Exterior \u2013 Mobelmol","isPartOf":{"@id":"https:\/\/www.mobelmol.com\/es\/#website"},"primaryImageOfPage":{"@id":"https:\/\/www.mobelmol.com\/es\/producto\/revestimiento-fenolico-exterior-pared\/#primaryimage"},"datePublished":"2021-10-14T09:52:47+00:00","dateModified":"2022-03-16T15:59:09+00:00","description":"Calidad para un acabado impecable y duradero en Revestimiento Fen\u00f3lico Exterior. Conf\u00eda en Mobelmol para el Revestimiento de Pared Exterior.","breadcrumb":{"@id":"https:\/\/www.mobelmol.com\/es\/producto\/revestimiento-fenolico-exterior-pared\/#breadcrumb"},"inLanguage":"es","potentialAction":[{"@type":"ReadAction","target":["https:\/\/www.mobelmol.com\/es\/producto\/revestimiento-fenolico-exterior-pared\/"]}]},{"@type":"BreadcrumbList","@id":"https:\/\/www.mobelmol.com\/es\/producto\/revestimiento-fenolico-exterior-pared\/#breadcrumb","itemListElement":[{"@type":"ListItem","position":1,"name":"Portada","item":"https:\/\/www.mobelmol.com\/es\/"},{"@type":"ListItem","position":2,"name":"Productos","item":"https:\/\/www.mobelmol.com\/es\/productos-mobiliario-vestuarios-revestimientos\/"},{"@type":"ListItem","position":3,"name":"Revestimiento exterior"}]}]}},"_links":{"self":[{"href":"https:\/\/www.mobelmol.com\/es\/wp-json\/wp\/v2\/product\/6203","targetHints":{"allow":["GET"]}}],"collection":[{"href":"https:\/\/www.mobelmol.com\/es\/wp-json\/wp\/v2\/product"}],"about":[{"href":"https:\/\/www.mobelmol.com\/es\/wp-json\/wp\/v2\/types\/product"}],"wp:featuredmedia":[{"embeddable":true,"href":"https:\/\/www.mobelmol.com\/es\/wp-json\/wp\/v2\/media\/6204"}],"wp:attachment":[{"href":"https:\/\/www.mobelmol.com\/es\/wp-json\/wp\/v2\/media?parent=6203"}],"wp:term":[{"taxonomy":"product_cat","embeddable":true,"href":"https:\/\/www.mobelmol.com\/es\/wp-json\/wp\/v2\/product_cat?post=6203"},{"taxonomy":"product_tag","embeddable":true,"href":"https:\/\/www.mobelmol.com\/es\/wp-json\/wp\/v2\/product_tag?post=6203"}],"curies":[{"name":"wp","href":"https:\/\/api.w.org\/{rel}","templated":true}]}}

<p>Revestimiento exterior a base de placa maciza de resinas fenólicas tipo Trespa de 10mm. de espesor, color a elegir. Fijación vista (mecánicamente sobre rástreles metálicos o de madera tratada) ó fijación oculta (sobre rástreles de aluminio).</p>

<!-- This site is optimized with the Yoast SEO plugin v17.8 - https://yoast.com/wordpress/plugins/seo/ -->
<title>Acabados de calidad en Revestimiento Fenólico Exterior – Mobelmol</title>
<meta name="description" content="Calidad para un acabado impecable y duradero en Revestimiento Fenólico Exterior. Confía en Mobelmol para el Revestimiento de Pared Exterior." />
<meta name="robots" content="index, follow, max-snippet:-1, max-image-preview:large, max-video-preview:-1" />
<link rel="canonical" href="https://www.mobelmol.com/es/producto/revestimiento-fenolico-exterior-pared/" />
<meta property="og:locale" content="es_ES" />
<meta property="og:type" content="article" />
<meta property="og:title" content="Acabados de calidad en Revestimiento Fenólico Exterior – Mobelmol" />
<meta property="og:description" content="Calidad para un acabado impecable y duradero en Revestimiento Fenólico Exterior. Confía en Mobelmol para el Revestimiento de Pared Exterior." />
<meta property="og:url" content="https://www.mobelmol.com/es/producto/revestimiento-fenolico-exterior-pared/" />
<meta property="og:site_name" content="Mobelmol" />
<meta property="article:modified_time" content="2022-03-16T15:59:09+00:00" />
<meta property="og:image" content="https://www.mobelmol.com/wp-content/uploads/2021/10/Revestimiento-exterior-1.jpg" />
	<meta property="og:image:width" content="850" />
	<meta property="og:image:height" content="566" />
<meta name="twitter:card" content="summary_large_image" />
<meta name="twitter:label1" content="Tiempo de lectura" />
	<meta name="twitter:data1" content="1 minuto" />
<script type="application/ld+json" class="yoast-schema-graph">{"@context":"https://schema.org","@graph":[{"@type":"Organization","@id":"https://www.mobelmol.com/es/#organization","name":"Mobelmol","url":"https://www.mobelmol.com/es/","sameAs":[],"logo":{"@type":"ImageObject","@id":"https://www.mobelmol.com/es/#logo","inLanguage":"es","url":"https://www.mobelmol.com/wp-content/uploads/2021/05/lgo-mobelmol.svg","contentUrl":"https://www.mobelmol.com/wp-content/uploads/2021/05/lgo-mobelmol.svg","width":100,"height":100,"caption":"Mobelmol"},"image":{"@id":"https://www.mobelmol.com/es/#logo"}},{"@type":"WebSite","@id":"https://www.mobelmol.com/es/#website","url":"https://www.mobelmol.com/es/","name":"Mobelmol","description":"Fabricaci\u00f3n e instalaci\u00f3n de equipamiento y mobiliario con panel compacto","publisher":{"@id":"https://www.mobelmol.com/es/#organization"},"potentialAction":[{"@type":"SearchAction","target":{"@type":"EntryPoint","urlTemplate":"https://www.mobelmol.com/es/?s={search_term_string}"},"query-input":"required name=search_term_string"}],"inLanguage":"es"},{"@type":"ImageObject","@id":"https://www.mobelmol.com/es/producto/revestimiento-fenolico-exterior-pared/#primaryimage","inLanguage":"es","url":"https://www.mobelmol.com/wp-content/uploads/2021/10/Revestimiento-exterior-1.jpg","contentUrl":"https://www.mobelmol.com/wp-content/uploads/2021/10/Revestimiento-exterior-1.jpg","width":850,"height":566,"caption":"revestimiento exterior"},{"@type":"WebPage","@id":"https://www.mobelmol.com/es/producto/revestimiento-fenolico-exterior-pared/#webpage","url":"https://www.mobelmol.com/es/producto/revestimiento-fenolico-exterior-pared/","name":"Acabados de calidad en Revestimiento Fen\u00f3lico Exterior \u2013 Mobelmol","isPartOf":{"@id":"https://www.mobelmol.com/es/#website"},"primaryImageOfPage":{"@id":"https://www.mobelmol.com/es/producto/revestimiento-fenolico-exterior-pared/#primaryimage"},"datePublished":"2021-10-14T09:52:47+00:00","dateModified":"2022-03-16T15:59:09+00:00","description":"Calidad para un acabado impecable y duradero en Revestimiento Fen\u00f3lico Exterior. Conf\u00eda en Mobelmol para el Revestimiento de Pared Exterior.","breadcrumb":{"@id":"https://www.mobelmol.com/es/producto/revestimiento-fenolico-exterior-pared/#breadcrumb"},"inLanguage":"es","potentialAction":[{"@type":"ReadAction","target":["https://www.mobelmol.com/es/producto/revestimiento-fenolico-exterior-pared/"]}]},{"@type":"BreadcrumbList","@id":"https://www.mobelmol.com/es/producto/revestimiento-fenolico-exterior-pared/#breadcrumb","itemListElement":[{"@type":"ListItem","position":1,"name":"Portada","item":"https://www.mobelmol.com/es/"},{"@type":"ListItem","position":2,"name":"Productos","item":"https://www.mobelmol.com/es/productos-mobiliario-vestuarios-revestimientos/"},{"@type":"ListItem","position":3,"name":"Revestimiento exterior"}]}]}</script>
<!-- / Yoast SEO plugin. -->

Acabados de calidad en Revestimiento Fenólico Exterior – Mobelmol

Calidad para un acabado impecable y duradero en Revestimiento Fenólico Exterior. Confía en Mobelmol para el Revestimiento de Pared Exterior.

Fabricación e instalación de equipamiento y mobiliario con panel compacto
