{"id":6225,"date":"2021-10-14T09:55:44","date_gmt":"2021-10-14T09:55:44","guid":{"rendered":"https:\/\/mobelmol.mmkt.dev\/?post_type=product&#038;p=6225"},"modified":"2025-12-30T13:58:32","modified_gmt":"2025-12-30T13:58:32","slug":"revestimiento-pared-interior-impresion-digital","status":"publish","type":"product","link":"https:\/\/www.mobelmol.com\/es\/producto\/revestimiento-pared-interior-impresion-digital\/","title":{"rendered":"Revestimiento impresi\u00f3n digital"},"content":{"rendered":"<article id=\"portfolio-single-content\" class=\"single-content wpex-mt-20 entry wpex-clr\">\n<div class=\"vc_row wpb_row vc_row-fluid\">\n<div class=\"wpb_column vc_column_container vc_col-sm-12\">\n<div class=\"vc_column-inner\">\n<div class=\"wpb_wrapper\">\n<div class=\"wpb_text_column wpb_content_element box-border\">\n<div class=\"wpb_wrapper\">\n<p>Revestimiento impresi\u00f3n digital a base de placa maciza de resinas fen\u00f3licas de 6-8-10mm de espesor, con cualquier tipo de imagen facilitada en soporte digital. Se pueden representar grandes formatos combinando varias placas.<\/p>\n<\/div>\n<\/div>\n<\/div>\n<\/div>\n<\/div>\n<\/div>\n<\/article>\n","protected":false},"excerpt":{"rendered":"<p>Revestimiento impresi\u00f3n digital a base de placa maciza de resinas fen\u00f3licas de 6-8-10mm de espesor, con cualquier tipo de imagen facilitada en soporte digital. Se pueden representar grandes formatos combinando varias placas.<\/p>\n","protected":false},"featured_media":6226,"template":"","meta":[],"product_cat":[397],"product_tag":[],"class_list":["post-6225","product","type-product","status-publish","has-post-thumbnail","hentry","product_cat-revestimiento-pared-madera-fenolico"],"acf":[],"yoast_head":"<!-- This site is optimized with the Yoast SEO plugin v17.8 - https:\/\/yoast.com\/wordpress\/plugins\/seo\/ -->\n<title>Revestimiento de pared interior con impresi\u00f3n digital | Mobelmol<\/title>\n<meta name=\"description\" content=\"Revestimiento interior en HPL con impresi\u00f3n digital personalizada. Dise\u00f1o decorativo, alta resistencia y f\u00e1cil mantenimiento para espacios.\" \/>\n<meta name=\"robots\" content=\"index, follow, max-snippet:-1, max-image-preview:large, max-video-preview:-1\" \/>\n<link rel=\"canonical\" href=\"https:\/\/www.mobelmol.com\/es\/producto\/revestimiento-pared-interior-impresion-digital\/\" \/>\n<meta property=\"og:locale\" content=\"es_ES\" \/>\n<meta property=\"og:type\" content=\"article\" \/>\n<meta property=\"og:title\" content=\"Revestimiento de pared interior con impresi\u00f3n digital | Mobelmol\" \/>\n<meta property=\"og:description\" content=\"Revestimiento interior en HPL con impresi\u00f3n digital personalizada. Dise\u00f1o decorativo, alta resistencia y f\u00e1cil mantenimiento para espacios.\" \/>\n<meta property=\"og:url\" content=\"https:\/\/www.mobelmol.com\/es\/producto\/revestimiento-pared-interior-impresion-digital\/\" \/>\n<meta property=\"og:site_name\" content=\"Mobelmol\" \/>\n<meta property=\"article:modified_time\" content=\"2025-12-30T13:58:32+00:00\" \/>\n<meta property=\"og:image\" content=\"https:\/\/www.mobelmol.com\/wp-content\/uploads\/2021\/10\/Revestimiento-impresion-digital-1.jpg\" \/>\n\t<meta property=\"og:image:width\" content=\"750\" \/>\n\t<meta property=\"og:image:height\" content=\"498\" \/>\n<meta name=\"twitter:card\" content=\"summary_large_image\" \/>\n<meta name=\"twitter:label1\" content=\"Tiempo de lectura\" \/>\n\t<meta name=\"twitter:data1\" content=\"1 minuto\" \/>\n<script type=\"application\/ld+json\" class=\"yoast-schema-graph\">{\"@context\":\"https:\/\/schema.org\",\"@graph\":[{\"@type\":\"Organization\",\"@id\":\"https:\/\/www.mobelmol.com\/es\/#organization\",\"name\":\"Mobelmol\",\"url\":\"https:\/\/www.mobelmol.com\/es\/\",\"sameAs\":[],\"logo\":{\"@type\":\"ImageObject\",\"@id\":\"https:\/\/www.mobelmol.com\/es\/#logo\",\"inLanguage\":\"es\",\"url\":\"https:\/\/www.mobelmol.com\/wp-content\/uploads\/2021\/05\/lgo-mobelmol.svg\",\"contentUrl\":\"https:\/\/www.mobelmol.com\/wp-content\/uploads\/2021\/05\/lgo-mobelmol.svg\",\"width\":100,\"height\":100,\"caption\":\"Mobelmol\"},\"image\":{\"@id\":\"https:\/\/www.mobelmol.com\/es\/#logo\"}},{\"@type\":\"WebSite\",\"@id\":\"https:\/\/www.mobelmol.com\/es\/#website\",\"url\":\"https:\/\/www.mobelmol.com\/es\/\",\"name\":\"Mobelmol\",\"description\":\"Fabricaci\\u00f3n e instalaci\\u00f3n de equipamiento y mobiliario con panel compacto\",\"publisher\":{\"@id\":\"https:\/\/www.mobelmol.com\/es\/#organization\"},\"potentialAction\":[{\"@type\":\"SearchAction\",\"target\":{\"@type\":\"EntryPoint\",\"urlTemplate\":\"https:\/\/www.mobelmol.com\/es\/?s={search_term_string}\"},\"query-input\":\"required name=search_term_string\"}],\"inLanguage\":\"es\"},{\"@type\":\"ImageObject\",\"@id\":\"https:\/\/www.mobelmol.com\/es\/producto\/revestimiento-pared-interior-impresion-digital\/#primaryimage\",\"inLanguage\":\"es\",\"url\":\"https:\/\/www.mobelmol.com\/wp-content\/uploads\/2021\/10\/Revestimiento-impresion-digital-1.jpg\",\"contentUrl\":\"https:\/\/www.mobelmol.com\/wp-content\/uploads\/2021\/10\/Revestimiento-impresion-digital-1.jpg\",\"width\":750,\"height\":498,\"caption\":\"revestimiento pared digital\"},{\"@type\":\"WebPage\",\"@id\":\"https:\/\/www.mobelmol.com\/es\/producto\/revestimiento-pared-interior-impresion-digital\/#webpage\",\"url\":\"https:\/\/www.mobelmol.com\/es\/producto\/revestimiento-pared-interior-impresion-digital\/\",\"name\":\"Revestimiento de pared interior con impresi\\u00f3n digital | Mobelmol\",\"isPartOf\":{\"@id\":\"https:\/\/www.mobelmol.com\/es\/#website\"},\"primaryImageOfPage\":{\"@id\":\"https:\/\/www.mobelmol.com\/es\/producto\/revestimiento-pared-interior-impresion-digital\/#primaryimage\"},\"datePublished\":\"2021-10-14T09:55:44+00:00\",\"dateModified\":\"2025-12-30T13:58:32+00:00\",\"description\":\"Revestimiento interior en HPL con impresi\\u00f3n digital personalizada. Dise\\u00f1o decorativo, alta resistencia y f\\u00e1cil mantenimiento para espacios.\",\"breadcrumb\":{\"@id\":\"https:\/\/www.mobelmol.com\/es\/producto\/revestimiento-pared-interior-impresion-digital\/#breadcrumb\"},\"inLanguage\":\"es\",\"potentialAction\":[{\"@type\":\"ReadAction\",\"target\":[\"https:\/\/www.mobelmol.com\/es\/producto\/revestimiento-pared-interior-impresion-digital\/\"]}]},{\"@type\":\"BreadcrumbList\",\"@id\":\"https:\/\/www.mobelmol.com\/es\/producto\/revestimiento-pared-interior-impresion-digital\/#breadcrumb\",\"itemListElement\":[{\"@type\":\"ListItem\",\"position\":1,\"name\":\"Portada\",\"item\":\"https:\/\/www.mobelmol.com\/es\/\"},{\"@type\":\"ListItem\",\"position\":2,\"name\":\"Productos\",\"item\":\"https:\/\/www.mobelmol.com\/es\/productos-mobiliario-vestuarios-revestimientos\/\"},{\"@type\":\"ListItem\",\"position\":3,\"name\":\"Revestimiento impresi\\u00f3n digital\"}]}]}<\/script>\n<!-- \/ Yoast SEO plugin. -->","yoast_head_json":{"title":"Revestimiento de pared interior con impresi\u00f3n digital | Mobelmol","description":"Revestimiento interior en HPL con impresi\u00f3n digital personalizada. Dise\u00f1o decorativo, alta resistencia y f\u00e1cil mantenimiento para espacios.","robots":{"index":"index","follow":"follow","max-snippet":"max-snippet:-1","max-image-preview":"max-image-preview:large","max-video-preview":"max-video-preview:-1"},"canonical":"https:\/\/www.mobelmol.com\/es\/producto\/revestimiento-pared-interior-impresion-digital\/","og_locale":"es_ES","og_type":"article","og_title":"Revestimiento de pared interior con impresi\u00f3n digital | Mobelmol","og_description":"Revestimiento interior en HPL con impresi\u00f3n digital personalizada. Dise\u00f1o decorativo, alta resistencia y f\u00e1cil mantenimiento para espacios.","og_url":"https:\/\/www.mobelmol.com\/es\/producto\/revestimiento-pared-interior-impresion-digital\/","og_site_name":"Mobelmol","article_modified_time":"2025-12-30T13:58:32+00:00","og_image":[{"width":750,"height":498,"url":"https:\/\/www.mobelmol.com\/wp-content\/uploads\/2021\/10\/Revestimiento-impresion-digital-1.jpg","type":"image\/jpeg"}],"twitter_card":"summary_large_image","twitter_misc":{"Tiempo de lectura":"1 minuto"},"schema":{"@context":"https:\/\/schema.org","@graph":[{"@type":"Organization","@id":"https:\/\/www.mobelmol.com\/es\/#organization","name":"Mobelmol","url":"https:\/\/www.mobelmol.com\/es\/","sameAs":[],"logo":{"@type":"ImageObject","@id":"https:\/\/www.mobelmol.com\/es\/#logo","inLanguage":"es","url":"https:\/\/www.mobelmol.com\/wp-content\/uploads\/2021\/05\/lgo-mobelmol.svg","contentUrl":"https:\/\/www.mobelmol.com\/wp-content\/uploads\/2021\/05\/lgo-mobelmol.svg","width":100,"height":100,"caption":"Mobelmol"},"image":{"@id":"https:\/\/www.mobelmol.com\/es\/#logo"}},{"@type":"WebSite","@id":"https:\/\/www.mobelmol.com\/es\/#website","url":"https:\/\/www.mobelmol.com\/es\/","name":"Mobelmol","description":"Fabricaci\u00f3n e instalaci\u00f3n de equipamiento y mobiliario con panel compacto","publisher":{"@id":"https:\/\/www.mobelmol.com\/es\/#organization"},"potentialAction":[{"@type":"SearchAction","target":{"@type":"EntryPoint","urlTemplate":"https:\/\/www.mobelmol.com\/es\/?s={search_term_string}"},"query-input":"required name=search_term_string"}],"inLanguage":"es"},{"@type":"ImageObject","@id":"https:\/\/www.mobelmol.com\/es\/producto\/revestimiento-pared-interior-impresion-digital\/#primaryimage","inLanguage":"es","url":"https:\/\/www.mobelmol.com\/wp-content\/uploads\/2021\/10\/Revestimiento-impresion-digital-1.jpg","contentUrl":"https:\/\/www.mobelmol.com\/wp-content\/uploads\/2021\/10\/Revestimiento-impresion-digital-1.jpg","width":750,"height":498,"caption":"revestimiento pared digital"},{"@type":"WebPage","@id":"https:\/\/www.mobelmol.com\/es\/producto\/revestimiento-pared-interior-impresion-digital\/#webpage","url":"https:\/\/www.mobelmol.com\/es\/producto\/revestimiento-pared-interior-impresion-digital\/","name":"Revestimiento de pared interior con impresi\u00f3n digital | Mobelmol","isPartOf":{"@id":"https:\/\/www.mobelmol.com\/es\/#website"},"primaryImageOfPage":{"@id":"https:\/\/www.mobelmol.com\/es\/producto\/revestimiento-pared-interior-impresion-digital\/#primaryimage"},"datePublished":"2021-10-14T09:55:44+00:00","dateModified":"2025-12-30T13:58:32+00:00","description":"Revestimiento interior en HPL con impresi\u00f3n digital personalizada. Dise\u00f1o decorativo, alta resistencia y f\u00e1cil mantenimiento para espacios.","breadcrumb":{"@id":"https:\/\/www.mobelmol.com\/es\/producto\/revestimiento-pared-interior-impresion-digital\/#breadcrumb"},"inLanguage":"es","potentialAction":[{"@type":"ReadAction","target":["https:\/\/www.mobelmol.com\/es\/producto\/revestimiento-pared-interior-impresion-digital\/"]}]},{"@type":"BreadcrumbList","@id":"https:\/\/www.mobelmol.com\/es\/producto\/revestimiento-pared-interior-impresion-digital\/#breadcrumb","itemListElement":[{"@type":"ListItem","position":1,"name":"Portada","item":"https:\/\/www.mobelmol.com\/es\/"},{"@type":"ListItem","position":2,"name":"Productos","item":"https:\/\/www.mobelmol.com\/es\/productos-mobiliario-vestuarios-revestimientos\/"},{"@type":"ListItem","position":3,"name":"Revestimiento impresi\u00f3n digital"}]}]}},"_links":{"self":[{"href":"https:\/\/www.mobelmol.com\/es\/wp-json\/wp\/v2\/product\/6225","targetHints":{"allow":["GET"]}}],"collection":[{"href":"https:\/\/www.mobelmol.com\/es\/wp-json\/wp\/v2\/product"}],"about":[{"href":"https:\/\/www.mobelmol.com\/es\/wp-json\/wp\/v2\/types\/product"}],"wp:featuredmedia":[{"embeddable":true,"href":"https:\/\/www.mobelmol.com\/es\/wp-json\/wp\/v2\/media\/6226"}],"wp:attachment":[{"href":"https:\/\/www.mobelmol.com\/es\/wp-json\/wp\/v2\/media?parent=6225"}],"wp:term":[{"taxonomy":"product_cat","embeddable":true,"href":"https:\/\/www.mobelmol.com\/es\/wp-json\/wp\/v2\/product_cat?post=6225"},{"taxonomy":"product_tag","embeddable":true,"href":"https:\/\/www.mobelmol.com\/es\/wp-json\/wp\/v2\/product_tag?post=6225"}],"curies":[{"name":"wp","href":"https:\/\/api.w.org\/{rel}","templated":true}]}}

Revestimiento impresión digital

<article id="portfolio-single-content" class="single-content wpex-mt-20 entry wpex-clr">
<div class="vc_row wpb_row vc_row-fluid">
<div class="wpb_column vc_column_container vc_col-sm-12">
<div class="vc_column-inner">
<div class="wpb_wrapper">
<div class="wpb_text_column wpb_content_element box-border">
<div class="wpb_wrapper">
<p>Revestimiento impresión digital a base de placa maciza de resinas fenólicas de 6-8-10mm de espesor, con cualquier tipo de imagen facilitada en soporte digital. Se pueden representar grandes formatos combinando varias placas.</p>
</div>
</div>
</div>
</div>
</div>
</div>
</article>

<p>Revestimiento impresión digital a base de placa maciza de resinas fenólicas de 6-8-10mm de espesor, con cualquier tipo de imagen facilitada en soporte digital. Se pueden representar grandes formatos combinando varias placas.</p>

<!-- This site is optimized with the Yoast SEO plugin v17.8 - https://yoast.com/wordpress/plugins/seo/ -->
<title>Revestimiento de pared interior con impresión digital | Mobelmol</title>
<meta name="description" content="Revestimiento interior en HPL con impresión digital personalizada. Diseño decorativo, alta resistencia y fácil mantenimiento para espacios." />
<meta name="robots" content="index, follow, max-snippet:-1, max-image-preview:large, max-video-preview:-1" />
<link rel="canonical" href="https://www.mobelmol.com/es/producto/revestimiento-pared-interior-impresion-digital/" />
<meta property="og:locale" content="es_ES" />
<meta property="og:type" content="article" />
<meta property="og:title" content="Revestimiento de pared interior con impresión digital | Mobelmol" />
<meta property="og:description" content="Revestimiento interior en HPL con impresión digital personalizada. Diseño decorativo, alta resistencia y fácil mantenimiento para espacios." />
<meta property="og:url" content="https://www.mobelmol.com/es/producto/revestimiento-pared-interior-impresion-digital/" />
<meta property="og:site_name" content="Mobelmol" />
<meta property="article:modified_time" content="2025-12-30T13:58:32+00:00" />
<meta property="og:image" content="https://www.mobelmol.com/wp-content/uploads/2021/10/Revestimiento-impresion-digital-1.jpg" />
	<meta property="og:image:width" content="750" />
	<meta property="og:image:height" content="498" />
<meta name="twitter:card" content="summary_large_image" />
<meta name="twitter:label1" content="Tiempo de lectura" />
	<meta name="twitter:data1" content="1 minuto" />
<script type="application/ld+json" class="yoast-schema-graph">{"@context":"https://schema.org","@graph":[{"@type":"Organization","@id":"https://www.mobelmol.com/es/#organization","name":"Mobelmol","url":"https://www.mobelmol.com/es/","sameAs":[],"logo":{"@type":"ImageObject","@id":"https://www.mobelmol.com/es/#logo","inLanguage":"es","url":"https://www.mobelmol.com/wp-content/uploads/2021/05/lgo-mobelmol.svg","contentUrl":"https://www.mobelmol.com/wp-content/uploads/2021/05/lgo-mobelmol.svg","width":100,"height":100,"caption":"Mobelmol"},"image":{"@id":"https://www.mobelmol.com/es/#logo"}},{"@type":"WebSite","@id":"https://www.mobelmol.com/es/#website","url":"https://www.mobelmol.com/es/","name":"Mobelmol","description":"Fabricaci\u00f3n e instalaci\u00f3n de equipamiento y mobiliario con panel compacto","publisher":{"@id":"https://www.mobelmol.com/es/#organization"},"potentialAction":[{"@type":"SearchAction","target":{"@type":"EntryPoint","urlTemplate":"https://www.mobelmol.com/es/?s={search_term_string}"},"query-input":"required name=search_term_string"}],"inLanguage":"es"},{"@type":"ImageObject","@id":"https://www.mobelmol.com/es/producto/revestimiento-pared-interior-impresion-digital/#primaryimage","inLanguage":"es","url":"https://www.mobelmol.com/wp-content/uploads/2021/10/Revestimiento-impresion-digital-1.jpg","contentUrl":"https://www.mobelmol.com/wp-content/uploads/2021/10/Revestimiento-impresion-digital-1.jpg","width":750,"height":498,"caption":"revestimiento pared digital"},{"@type":"WebPage","@id":"https://www.mobelmol.com/es/producto/revestimiento-pared-interior-impresion-digital/#webpage","url":"https://www.mobelmol.com/es/producto/revestimiento-pared-interior-impresion-digital/","name":"Revestimiento de pared interior con impresi\u00f3n digital | Mobelmol","isPartOf":{"@id":"https://www.mobelmol.com/es/#website"},"primaryImageOfPage":{"@id":"https://www.mobelmol.com/es/producto/revestimiento-pared-interior-impresion-digital/#primaryimage"},"datePublished":"2021-10-14T09:55:44+00:00","dateModified":"2025-12-30T13:58:32+00:00","description":"Revestimiento interior en HPL con impresi\u00f3n digital personalizada. Dise\u00f1o decorativo, alta resistencia y f\u00e1cil mantenimiento para espacios.","breadcrumb":{"@id":"https://www.mobelmol.com/es/producto/revestimiento-pared-interior-impresion-digital/#breadcrumb"},"inLanguage":"es","potentialAction":[{"@type":"ReadAction","target":["https://www.mobelmol.com/es/producto/revestimiento-pared-interior-impresion-digital/"]}]},{"@type":"BreadcrumbList","@id":"https://www.mobelmol.com/es/producto/revestimiento-pared-interior-impresion-digital/#breadcrumb","itemListElement":[{"@type":"ListItem","position":1,"name":"Portada","item":"https://www.mobelmol.com/es/"},{"@type":"ListItem","position":2,"name":"Productos","item":"https://www.mobelmol.com/es/productos-mobiliario-vestuarios-revestimientos/"},{"@type":"ListItem","position":3,"name":"Revestimiento impresi\u00f3n digital"}]}]}</script>
<!-- / Yoast SEO plugin. -->

Revestimiento de pared interior con impresión digital | Mobelmol

Revestimiento interior en HPL con impresión digital personalizada. Diseño decorativo, alta resistencia y fácil mantenimiento para espacios.

Fabricación e instalación de equipamiento y mobiliario con panel compacto
