{"id":6229,"date":"2021-10-14T09:57:19","date_gmt":"2021-10-14T09:57:19","guid":{"rendered":"https:\/\/mobelmol.mmkt.dev\/?post_type=product&#038;p=6229"},"modified":"2022-03-10T15:42:27","modified_gmt":"2022-03-10T15:42:27","slug":"revestimiento-panel-fenolico-material-solido-superficie","status":"publish","type":"product","link":"https:\/\/www.mobelmol.com\/es\/producto\/revestimiento-panel-fenolico-material-solido-superficie\/","title":{"rendered":"Revestimiento material s\u00f3lido superficie"},"content":{"rendered":"<article id=\"portfolio-single-content\" class=\"single-content wpex-mt-20 entry wpex-clr\">\n<div class=\"vc_row wpb_row vc_row-fluid\">\n<div class=\"wpb_column vc_column_container vc_col-sm-12\">\n<div class=\"vc_column-inner\">\n<div class=\"wpb_wrapper\">\n<div class=\"wpb_text_column wpb_content_element box-border\">\n<div class=\"wpb_wrapper\">\n<p>Revestimiento formado por material de superficie s\u00f3lida y compacta, est\u00e1 compuesto por dos tercios de minerales naturales y un tercio de pol\u00edmeros de elevada calidad (acr\u00edlico y poli\u00e9ster) que confieren una gran solidez, uniformidad y belleza, adem\u00e1s de un \u00f3ptimo comportamiento frente a los agentes qu\u00edmicos y al fuego.<\/p>\n<\/div>\n<\/div>\n<\/div>\n<\/div>\n<\/div>\n<\/div>\n<\/article>\n","protected":false},"excerpt":{"rendered":"<p>Revestimiento formado por material de superficie s\u00f3lida y compacta, est\u00e1 compuesto por dos tercios de minerales naturales y un tercio de pol\u00edmeros de elevada calidad (acr\u00edlico y poli\u00e9ster) que confieren una gran solidez, uniformidad y belleza, adem\u00e1s de un \u00f3ptimo comportamiento frente a los agentes qu\u00edmicos y al fuego.<\/p>\n","protected":false},"featured_media":6144,"template":"","meta":[],"product_cat":[397],"product_tag":[],"class_list":["post-6229","product","type-product","status-publish","has-post-thumbnail","hentry","product_cat-revestimiento-pared-madera-fenolico"],"acf":[],"yoast_head":"<!-- This site is optimized with the Yoast SEO plugin v17.8 - https:\/\/yoast.com\/wordpress\/plugins\/seo\/ -->\n<title>Revestimiento Panel Fen\u00f3lico con Material S\u00f3lido - Mobelmol<\/title>\n<meta name=\"description\" content=\"Consulte las caracter\u00edsticas del Revestimiento Panel Fen\u00f3lico con Material S\u00f3lido, y consulte para obtener el mejor acabado para su proyecto.\" \/>\n<meta name=\"robots\" content=\"index, follow, max-snippet:-1, max-image-preview:large, max-video-preview:-1\" \/>\n<link rel=\"canonical\" href=\"https:\/\/www.mobelmol.com\/es\/producto\/revestimiento-panel-fenolico-material-solido-superficie\/\" \/>\n<meta property=\"og:locale\" content=\"es_ES\" \/>\n<meta property=\"og:type\" content=\"article\" \/>\n<meta property=\"og:title\" content=\"Revestimiento Panel Fen\u00f3lico con Material S\u00f3lido - Mobelmol\" \/>\n<meta property=\"og:description\" content=\"Consulte las caracter\u00edsticas del Revestimiento Panel Fen\u00f3lico con Material S\u00f3lido, y consulte para obtener el mejor acabado para su proyecto.\" \/>\n<meta property=\"og:url\" content=\"https:\/\/www.mobelmol.com\/es\/producto\/revestimiento-panel-fenolico-material-solido-superficie\/\" \/>\n<meta property=\"og:site_name\" content=\"Mobelmol\" \/>\n<meta property=\"article:modified_time\" content=\"2022-03-10T15:42:27+00:00\" \/>\n<meta property=\"og:image\" content=\"https:\/\/www.mobelmol.com\/wp-content\/uploads\/2021\/10\/Encimera-material-solido-1.jpg\" \/>\n\t<meta property=\"og:image:width\" content=\"750\" \/>\n\t<meta property=\"og:image:height\" content=\"613\" \/>\n<meta name=\"twitter:card\" content=\"summary_large_image\" \/>\n<meta name=\"twitter:label1\" content=\"Tiempo de lectura\" \/>\n\t<meta name=\"twitter:data1\" content=\"1 minuto\" \/>\n<script type=\"application\/ld+json\" class=\"yoast-schema-graph\">{\"@context\":\"https:\/\/schema.org\",\"@graph\":[{\"@type\":\"Organization\",\"@id\":\"https:\/\/www.mobelmol.com\/es\/#organization\",\"name\":\"Mobelmol\",\"url\":\"https:\/\/www.mobelmol.com\/es\/\",\"sameAs\":[],\"logo\":{\"@type\":\"ImageObject\",\"@id\":\"https:\/\/www.mobelmol.com\/es\/#logo\",\"inLanguage\":\"es\",\"url\":\"https:\/\/www.mobelmol.com\/wp-content\/uploads\/2021\/05\/lgo-mobelmol.svg\",\"contentUrl\":\"https:\/\/www.mobelmol.com\/wp-content\/uploads\/2021\/05\/lgo-mobelmol.svg\",\"width\":100,\"height\":100,\"caption\":\"Mobelmol\"},\"image\":{\"@id\":\"https:\/\/www.mobelmol.com\/es\/#logo\"}},{\"@type\":\"WebSite\",\"@id\":\"https:\/\/www.mobelmol.com\/es\/#website\",\"url\":\"https:\/\/www.mobelmol.com\/es\/\",\"name\":\"Mobelmol\",\"description\":\"Fabricaci\\u00f3n e instalaci\\u00f3n de equipamiento y mobiliario con panel compacto\",\"publisher\":{\"@id\":\"https:\/\/www.mobelmol.com\/es\/#organization\"},\"potentialAction\":[{\"@type\":\"SearchAction\",\"target\":{\"@type\":\"EntryPoint\",\"urlTemplate\":\"https:\/\/www.mobelmol.com\/es\/?s={search_term_string}\"},\"query-input\":\"required name=search_term_string\"}],\"inLanguage\":\"es\"},{\"@type\":\"ImageObject\",\"@id\":\"https:\/\/www.mobelmol.com\/es\/producto\/revestimiento-panel-fenolico-material-solido-superficie\/#primaryimage\",\"inLanguage\":\"es\",\"url\":\"https:\/\/www.mobelmol.com\/wp-content\/uploads\/2021\/10\/Encimera-material-solido-1.jpg\",\"contentUrl\":\"https:\/\/www.mobelmol.com\/wp-content\/uploads\/2021\/10\/Encimera-material-solido-1.jpg\",\"width\":750,\"height\":613,\"caption\":\"encimera material solido\"},{\"@type\":\"WebPage\",\"@id\":\"https:\/\/www.mobelmol.com\/es\/producto\/revestimiento-panel-fenolico-material-solido-superficie\/#webpage\",\"url\":\"https:\/\/www.mobelmol.com\/es\/producto\/revestimiento-panel-fenolico-material-solido-superficie\/\",\"name\":\"Revestimiento Panel Fen\\u00f3lico con Material S\\u00f3lido - Mobelmol\",\"isPartOf\":{\"@id\":\"https:\/\/www.mobelmol.com\/es\/#website\"},\"primaryImageOfPage\":{\"@id\":\"https:\/\/www.mobelmol.com\/es\/producto\/revestimiento-panel-fenolico-material-solido-superficie\/#primaryimage\"},\"datePublished\":\"2021-10-14T09:57:19+00:00\",\"dateModified\":\"2022-03-10T15:42:27+00:00\",\"description\":\"Consulte las caracter\\u00edsticas del Revestimiento Panel Fen\\u00f3lico con Material S\\u00f3lido, y consulte para obtener el mejor acabado para su proyecto.\",\"breadcrumb\":{\"@id\":\"https:\/\/www.mobelmol.com\/es\/producto\/revestimiento-panel-fenolico-material-solido-superficie\/#breadcrumb\"},\"inLanguage\":\"es\",\"potentialAction\":[{\"@type\":\"ReadAction\",\"target\":[\"https:\/\/www.mobelmol.com\/es\/producto\/revestimiento-panel-fenolico-material-solido-superficie\/\"]}]},{\"@type\":\"BreadcrumbList\",\"@id\":\"https:\/\/www.mobelmol.com\/es\/producto\/revestimiento-panel-fenolico-material-solido-superficie\/#breadcrumb\",\"itemListElement\":[{\"@type\":\"ListItem\",\"position\":1,\"name\":\"Portada\",\"item\":\"https:\/\/www.mobelmol.com\/es\/\"},{\"@type\":\"ListItem\",\"position\":2,\"name\":\"Productos\",\"item\":\"https:\/\/www.mobelmol.com\/es\/productos-mobiliario-vestuarios-revestimientos\/\"},{\"@type\":\"ListItem\",\"position\":3,\"name\":\"Revestimiento material s\\u00f3lido superficie\"}]}]}<\/script>\n<!-- \/ Yoast SEO plugin. -->","yoast_head_json":{"title":"Revestimiento Panel Fen\u00f3lico con Material S\u00f3lido - Mobelmol","description":"Consulte las caracter\u00edsticas del Revestimiento Panel Fen\u00f3lico con Material S\u00f3lido, y consulte para obtener el mejor acabado para su proyecto.","robots":{"index":"index","follow":"follow","max-snippet":"max-snippet:-1","max-image-preview":"max-image-preview:large","max-video-preview":"max-video-preview:-1"},"canonical":"https:\/\/www.mobelmol.com\/es\/producto\/revestimiento-panel-fenolico-material-solido-superficie\/","og_locale":"es_ES","og_type":"article","og_title":"Revestimiento Panel Fen\u00f3lico con Material S\u00f3lido - Mobelmol","og_description":"Consulte las caracter\u00edsticas del Revestimiento Panel Fen\u00f3lico con Material S\u00f3lido, y consulte para obtener el mejor acabado para su proyecto.","og_url":"https:\/\/www.mobelmol.com\/es\/producto\/revestimiento-panel-fenolico-material-solido-superficie\/","og_site_name":"Mobelmol","article_modified_time":"2022-03-10T15:42:27+00:00","og_image":[{"width":750,"height":613,"url":"https:\/\/www.mobelmol.com\/wp-content\/uploads\/2021\/10\/Encimera-material-solido-1.jpg","type":"image\/jpeg"}],"twitter_card":"summary_large_image","twitter_misc":{"Tiempo de lectura":"1 minuto"},"schema":{"@context":"https:\/\/schema.org","@graph":[{"@type":"Organization","@id":"https:\/\/www.mobelmol.com\/es\/#organization","name":"Mobelmol","url":"https:\/\/www.mobelmol.com\/es\/","sameAs":[],"logo":{"@type":"ImageObject","@id":"https:\/\/www.mobelmol.com\/es\/#logo","inLanguage":"es","url":"https:\/\/www.mobelmol.com\/wp-content\/uploads\/2021\/05\/lgo-mobelmol.svg","contentUrl":"https:\/\/www.mobelmol.com\/wp-content\/uploads\/2021\/05\/lgo-mobelmol.svg","width":100,"height":100,"caption":"Mobelmol"},"image":{"@id":"https:\/\/www.mobelmol.com\/es\/#logo"}},{"@type":"WebSite","@id":"https:\/\/www.mobelmol.com\/es\/#website","url":"https:\/\/www.mobelmol.com\/es\/","name":"Mobelmol","description":"Fabricaci\u00f3n e instalaci\u00f3n de equipamiento y mobiliario con panel compacto","publisher":{"@id":"https:\/\/www.mobelmol.com\/es\/#organization"},"potentialAction":[{"@type":"SearchAction","target":{"@type":"EntryPoint","urlTemplate":"https:\/\/www.mobelmol.com\/es\/?s={search_term_string}"},"query-input":"required name=search_term_string"}],"inLanguage":"es"},{"@type":"ImageObject","@id":"https:\/\/www.mobelmol.com\/es\/producto\/revestimiento-panel-fenolico-material-solido-superficie\/#primaryimage","inLanguage":"es","url":"https:\/\/www.mobelmol.com\/wp-content\/uploads\/2021\/10\/Encimera-material-solido-1.jpg","contentUrl":"https:\/\/www.mobelmol.com\/wp-content\/uploads\/2021\/10\/Encimera-material-solido-1.jpg","width":750,"height":613,"caption":"encimera material solido"},{"@type":"WebPage","@id":"https:\/\/www.mobelmol.com\/es\/producto\/revestimiento-panel-fenolico-material-solido-superficie\/#webpage","url":"https:\/\/www.mobelmol.com\/es\/producto\/revestimiento-panel-fenolico-material-solido-superficie\/","name":"Revestimiento Panel Fen\u00f3lico con Material S\u00f3lido - Mobelmol","isPartOf":{"@id":"https:\/\/www.mobelmol.com\/es\/#website"},"primaryImageOfPage":{"@id":"https:\/\/www.mobelmol.com\/es\/producto\/revestimiento-panel-fenolico-material-solido-superficie\/#primaryimage"},"datePublished":"2021-10-14T09:57:19+00:00","dateModified":"2022-03-10T15:42:27+00:00","description":"Consulte las caracter\u00edsticas del Revestimiento Panel Fen\u00f3lico con Material S\u00f3lido, y consulte para obtener el mejor acabado para su proyecto.","breadcrumb":{"@id":"https:\/\/www.mobelmol.com\/es\/producto\/revestimiento-panel-fenolico-material-solido-superficie\/#breadcrumb"},"inLanguage":"es","potentialAction":[{"@type":"ReadAction","target":["https:\/\/www.mobelmol.com\/es\/producto\/revestimiento-panel-fenolico-material-solido-superficie\/"]}]},{"@type":"BreadcrumbList","@id":"https:\/\/www.mobelmol.com\/es\/producto\/revestimiento-panel-fenolico-material-solido-superficie\/#breadcrumb","itemListElement":[{"@type":"ListItem","position":1,"name":"Portada","item":"https:\/\/www.mobelmol.com\/es\/"},{"@type":"ListItem","position":2,"name":"Productos","item":"https:\/\/www.mobelmol.com\/es\/productos-mobiliario-vestuarios-revestimientos\/"},{"@type":"ListItem","position":3,"name":"Revestimiento material s\u00f3lido superficie"}]}]}},"_links":{"self":[{"href":"https:\/\/www.mobelmol.com\/es\/wp-json\/wp\/v2\/product\/6229","targetHints":{"allow":["GET"]}}],"collection":[{"href":"https:\/\/www.mobelmol.com\/es\/wp-json\/wp\/v2\/product"}],"about":[{"href":"https:\/\/www.mobelmol.com\/es\/wp-json\/wp\/v2\/types\/product"}],"wp:featuredmedia":[{"embeddable":true,"href":"https:\/\/www.mobelmol.com\/es\/wp-json\/wp\/v2\/media\/6144"}],"wp:attachment":[{"href":"https:\/\/www.mobelmol.com\/es\/wp-json\/wp\/v2\/media?parent=6229"}],"wp:term":[{"taxonomy":"product_cat","embeddable":true,"href":"https:\/\/www.mobelmol.com\/es\/wp-json\/wp\/v2\/product_cat?post=6229"},{"taxonomy":"product_tag","embeddable":true,"href":"https:\/\/www.mobelmol.com\/es\/wp-json\/wp\/v2\/product_tag?post=6229"}],"curies":[{"name":"wp","href":"https:\/\/api.w.org\/{rel}","templated":true}]}}

Revestimiento material sólido superficie

<article id="portfolio-single-content" class="single-content wpex-mt-20 entry wpex-clr">
<div class="vc_row wpb_row vc_row-fluid">
<div class="wpb_column vc_column_container vc_col-sm-12">
<div class="vc_column-inner">
<div class="wpb_wrapper">
<div class="wpb_text_column wpb_content_element box-border">
<div class="wpb_wrapper">
<p>Revestimiento formado por material de superficie sólida y compacta, está compuesto por dos tercios de minerales naturales y un tercio de polímeros de elevada calidad (acrílico y poliéster) que confieren una gran solidez, uniformidad y belleza, además de un óptimo comportamiento frente a los agentes químicos y al fuego.</p>
</div>
</div>
</div>
</div>
</div>
</div>
</article>

<p>Revestimiento formado por material de superficie sólida y compacta, está compuesto por dos tercios de minerales naturales y un tercio de polímeros de elevada calidad (acrílico y poliéster) que confieren una gran solidez, uniformidad y belleza, además de un óptimo comportamiento frente a los agentes químicos y al fuego.</p>

<!-- This site is optimized with the Yoast SEO plugin v17.8 - https://yoast.com/wordpress/plugins/seo/ -->
<title>Revestimiento Panel Fenólico con Material Sólido - Mobelmol</title>
<meta name="description" content="Consulte las características del Revestimiento Panel Fenólico con Material Sólido, y consulte para obtener el mejor acabado para su proyecto." />
<meta name="robots" content="index, follow, max-snippet:-1, max-image-preview:large, max-video-preview:-1" />
<link rel="canonical" href="https://www.mobelmol.com/es/producto/revestimiento-panel-fenolico-material-solido-superficie/" />
<meta property="og:locale" content="es_ES" />
<meta property="og:type" content="article" />
<meta property="og:title" content="Revestimiento Panel Fenólico con Material Sólido - Mobelmol" />
<meta property="og:description" content="Consulte las características del Revestimiento Panel Fenólico con Material Sólido, y consulte para obtener el mejor acabado para su proyecto." />
<meta property="og:url" content="https://www.mobelmol.com/es/producto/revestimiento-panel-fenolico-material-solido-superficie/" />
<meta property="og:site_name" content="Mobelmol" />
<meta property="article:modified_time" content="2022-03-10T15:42:27+00:00" />
<meta property="og:image" content="https://www.mobelmol.com/wp-content/uploads/2021/10/Encimera-material-solido-1.jpg" />
	<meta property="og:image:width" content="750" />
	<meta property="og:image:height" content="613" />
<meta name="twitter:card" content="summary_large_image" />
<meta name="twitter:label1" content="Tiempo de lectura" />
	<meta name="twitter:data1" content="1 minuto" />
<script type="application/ld+json" class="yoast-schema-graph">{"@context":"https://schema.org","@graph":[{"@type":"Organization","@id":"https://www.mobelmol.com/es/#organization","name":"Mobelmol","url":"https://www.mobelmol.com/es/","sameAs":[],"logo":{"@type":"ImageObject","@id":"https://www.mobelmol.com/es/#logo","inLanguage":"es","url":"https://www.mobelmol.com/wp-content/uploads/2021/05/lgo-mobelmol.svg","contentUrl":"https://www.mobelmol.com/wp-content/uploads/2021/05/lgo-mobelmol.svg","width":100,"height":100,"caption":"Mobelmol"},"image":{"@id":"https://www.mobelmol.com/es/#logo"}},{"@type":"WebSite","@id":"https://www.mobelmol.com/es/#website","url":"https://www.mobelmol.com/es/","name":"Mobelmol","description":"Fabricaci\u00f3n e instalaci\u00f3n de equipamiento y mobiliario con panel compacto","publisher":{"@id":"https://www.mobelmol.com/es/#organization"},"potentialAction":[{"@type":"SearchAction","target":{"@type":"EntryPoint","urlTemplate":"https://www.mobelmol.com/es/?s={search_term_string}"},"query-input":"required name=search_term_string"}],"inLanguage":"es"},{"@type":"ImageObject","@id":"https://www.mobelmol.com/es/producto/revestimiento-panel-fenolico-material-solido-superficie/#primaryimage","inLanguage":"es","url":"https://www.mobelmol.com/wp-content/uploads/2021/10/Encimera-material-solido-1.jpg","contentUrl":"https://www.mobelmol.com/wp-content/uploads/2021/10/Encimera-material-solido-1.jpg","width":750,"height":613,"caption":"encimera material solido"},{"@type":"WebPage","@id":"https://www.mobelmol.com/es/producto/revestimiento-panel-fenolico-material-solido-superficie/#webpage","url":"https://www.mobelmol.com/es/producto/revestimiento-panel-fenolico-material-solido-superficie/","name":"Revestimiento Panel Fen\u00f3lico con Material S\u00f3lido - Mobelmol","isPartOf":{"@id":"https://www.mobelmol.com/es/#website"},"primaryImageOfPage":{"@id":"https://www.mobelmol.com/es/producto/revestimiento-panel-fenolico-material-solido-superficie/#primaryimage"},"datePublished":"2021-10-14T09:57:19+00:00","dateModified":"2022-03-10T15:42:27+00:00","description":"Consulte las caracter\u00edsticas del Revestimiento Panel Fen\u00f3lico con Material S\u00f3lido, y consulte para obtener el mejor acabado para su proyecto.","breadcrumb":{"@id":"https://www.mobelmol.com/es/producto/revestimiento-panel-fenolico-material-solido-superficie/#breadcrumb"},"inLanguage":"es","potentialAction":[{"@type":"ReadAction","target":["https://www.mobelmol.com/es/producto/revestimiento-panel-fenolico-material-solido-superficie/"]}]},{"@type":"BreadcrumbList","@id":"https://www.mobelmol.com/es/producto/revestimiento-panel-fenolico-material-solido-superficie/#breadcrumb","itemListElement":[{"@type":"ListItem","position":1,"name":"Portada","item":"https://www.mobelmol.com/es/"},{"@type":"ListItem","position":2,"name":"Productos","item":"https://www.mobelmol.com/es/productos-mobiliario-vestuarios-revestimientos/"},{"@type":"ListItem","position":3,"name":"Revestimiento material s\u00f3lido superficie"}]}]}</script>
<!-- / Yoast SEO plugin. -->

Revestimiento Panel Fenólico con Material Sólido - Mobelmol

Consulte las características del Revestimiento Panel Fenólico con Material Sólido, y consulte para obtener el mejor acabado para su proyecto.

Fabricación e instalación de equipamiento y mobiliario con panel compacto
