{"id":6285,"date":"2021-10-14T10:27:55","date_gmt":"2021-10-14T10:27:55","guid":{"rendered":"https:\/\/mobelmol.mmkt.dev\/?post_type=product&#038;p=6285"},"modified":"2022-03-10T15:26:28","modified_gmt":"2022-03-10T15:26:28","slug":"mobiliario-laboratorio","status":"publish","type":"product","link":"https:\/\/www.mobelmol.com\/es\/producto\/mobiliario-laboratorio\/","title":{"rendered":"Mobiliario laboratorio"},"content":{"rendered":"<p>Por nuestra dilatada experiencia podemos dise\u00f1ar y fabricar cualquier tipo de mobiliario para laboratorio con acabados melam\u00ednicos o laminado de alta presi\u00f3n, siempre con materiales de altas prestaciones.<\/p>\n<div class=\"wpex-social-share style-flat position-horizontal\" data-source=\"https%3A%2F%2Fwww.mobelmol.com%2Fes%2F\" data-url=\"https%3A%2F%2Fwww.mobelmol.com%2Fes%2Fportfolio-item%2Fmobiliario-laboratorio%2F\" data-title=\"Mobiliario laboratorio\" data-image=\"https%3A%2F%2Fwww.mobelmol.com%2Fwp-content%2Fuploads%2F2015%2F09%2FMobiliario-laboratorio-1.jpg\" data-summary=\"Por%20nuestra%20dilatada%20experiencia%20podemos%20dise%C3%B1ar%20y%20fabricar%20cualquier%20tipo%20de%20mobiliario%20para%20laboratorio%20con%20acabados%20melam%C3%ADnicos%20o%20laminado%20de%20alta%20presi%C3%B3n%2C%20siempre%20con%20materiales%20de%20altas%20prestaciones.\" data-email-subject=\"I wanted you to see this link\" data-email-body=\"I wanted you to see this link https%3A%2F%2Fwww.mobelmol.com%2Fes%2Fportfolio-item%2Fmobiliario-laboratorio%2F\" data-specs=\"menubar=no,toolbar=no,resizable=yes,scrollbars=yes,height=600,width=600\"><\/div>\n","protected":false},"excerpt":{"rendered":"<p>Por nuestra dilatada experiencia podemos dise\u00f1ar y fabricar cualquier tipo de mobiliario para laboratorio con acabados melam\u00ednicos o laminado de alta presi\u00f3n, siempre con materiales de altas prestaciones.<\/p>\n","protected":false},"featured_media":6286,"template":"","meta":[],"product_cat":[408],"product_tag":[],"class_list":["post-6285","product","type-product","status-publish","has-post-thumbnail","hentry","product_cat-mobiliario-equipamiento-para-empresas"],"acf":[],"yoast_head":"<!-- This site is optimized with the Yoast SEO plugin v17.8 - https:\/\/yoast.com\/wordpress\/plugins\/seo\/ -->\n<title>Fabricaci\u00f3n e Instalaci\u00f3n de Mobiliario Laboratorio - Mobelmol<\/title>\n<meta name=\"description\" content=\"Expertos en dise\u00f1ar, fabricar e instalar Mobiliario Laboratorio. Cumpliendo con las caracter\u00edsticas de este tipo de emplazamientos exigentes.\" \/>\n<meta name=\"robots\" content=\"index, follow, max-snippet:-1, max-image-preview:large, max-video-preview:-1\" \/>\n<link rel=\"canonical\" href=\"https:\/\/www.mobelmol.com\/es\/producto\/mobiliario-laboratorio\/\" \/>\n<meta property=\"og:locale\" content=\"es_ES\" \/>\n<meta property=\"og:type\" content=\"article\" \/>\n<meta property=\"og:title\" content=\"Fabricaci\u00f3n e Instalaci\u00f3n de Mobiliario Laboratorio - Mobelmol\" \/>\n<meta property=\"og:description\" content=\"Expertos en dise\u00f1ar, fabricar e instalar Mobiliario Laboratorio. Cumpliendo con las caracter\u00edsticas de este tipo de emplazamientos exigentes.\" \/>\n<meta property=\"og:url\" content=\"https:\/\/www.mobelmol.com\/es\/producto\/mobiliario-laboratorio\/\" \/>\n<meta property=\"og:site_name\" content=\"Mobelmol\" \/>\n<meta property=\"article:modified_time\" content=\"2022-03-10T15:26:28+00:00\" \/>\n<meta property=\"og:image\" content=\"https:\/\/www.mobelmol.com\/wp-content\/uploads\/2021\/10\/Mobiliario-laboratorio-1-1.jpg\" \/>\n\t<meta property=\"og:image:width\" content=\"750\" \/>\n\t<meta property=\"og:image:height\" content=\"490\" \/>\n<meta name=\"twitter:card\" content=\"summary_large_image\" \/>\n<meta name=\"twitter:label1\" content=\"Tiempo de lectura\" \/>\n\t<meta name=\"twitter:data1\" content=\"1 minuto\" \/>\n<script type=\"application\/ld+json\" class=\"yoast-schema-graph\">{\"@context\":\"https:\/\/schema.org\",\"@graph\":[{\"@type\":\"Organization\",\"@id\":\"https:\/\/www.mobelmol.com\/es\/#organization\",\"name\":\"Mobelmol\",\"url\":\"https:\/\/www.mobelmol.com\/es\/\",\"sameAs\":[],\"logo\":{\"@type\":\"ImageObject\",\"@id\":\"https:\/\/www.mobelmol.com\/es\/#logo\",\"inLanguage\":\"es\",\"url\":\"https:\/\/www.mobelmol.com\/wp-content\/uploads\/2021\/05\/lgo-mobelmol.svg\",\"contentUrl\":\"https:\/\/www.mobelmol.com\/wp-content\/uploads\/2021\/05\/lgo-mobelmol.svg\",\"width\":100,\"height\":100,\"caption\":\"Mobelmol\"},\"image\":{\"@id\":\"https:\/\/www.mobelmol.com\/es\/#logo\"}},{\"@type\":\"WebSite\",\"@id\":\"https:\/\/www.mobelmol.com\/es\/#website\",\"url\":\"https:\/\/www.mobelmol.com\/es\/\",\"name\":\"Mobelmol\",\"description\":\"Fabricaci\\u00f3n e instalaci\\u00f3n de equipamiento y mobiliario con panel compacto\",\"publisher\":{\"@id\":\"https:\/\/www.mobelmol.com\/es\/#organization\"},\"potentialAction\":[{\"@type\":\"SearchAction\",\"target\":{\"@type\":\"EntryPoint\",\"urlTemplate\":\"https:\/\/www.mobelmol.com\/es\/?s={search_term_string}\"},\"query-input\":\"required name=search_term_string\"}],\"inLanguage\":\"es\"},{\"@type\":\"ImageObject\",\"@id\":\"https:\/\/www.mobelmol.com\/es\/producto\/mobiliario-laboratorio\/#primaryimage\",\"inLanguage\":\"es\",\"url\":\"https:\/\/www.mobelmol.com\/wp-content\/uploads\/2021\/10\/Mobiliario-laboratorio-1-1.jpg\",\"contentUrl\":\"https:\/\/www.mobelmol.com\/wp-content\/uploads\/2021\/10\/Mobiliario-laboratorio-1-1.jpg\",\"width\":750,\"height\":490,\"caption\":\"Mobiliario Laboratorios\"},{\"@type\":\"WebPage\",\"@id\":\"https:\/\/www.mobelmol.com\/es\/producto\/mobiliario-laboratorio\/#webpage\",\"url\":\"https:\/\/www.mobelmol.com\/es\/producto\/mobiliario-laboratorio\/\",\"name\":\"Fabricaci\\u00f3n e Instalaci\\u00f3n de Mobiliario Laboratorio - Mobelmol\",\"isPartOf\":{\"@id\":\"https:\/\/www.mobelmol.com\/es\/#website\"},\"primaryImageOfPage\":{\"@id\":\"https:\/\/www.mobelmol.com\/es\/producto\/mobiliario-laboratorio\/#primaryimage\"},\"datePublished\":\"2021-10-14T10:27:55+00:00\",\"dateModified\":\"2022-03-10T15:26:28+00:00\",\"description\":\"Expertos en dise\\u00f1ar, fabricar e instalar Mobiliario Laboratorio. Cumpliendo con las caracter\\u00edsticas de este tipo de emplazamientos exigentes.\",\"breadcrumb\":{\"@id\":\"https:\/\/www.mobelmol.com\/es\/producto\/mobiliario-laboratorio\/#breadcrumb\"},\"inLanguage\":\"es\",\"potentialAction\":[{\"@type\":\"ReadAction\",\"target\":[\"https:\/\/www.mobelmol.com\/es\/producto\/mobiliario-laboratorio\/\"]}]},{\"@type\":\"BreadcrumbList\",\"@id\":\"https:\/\/www.mobelmol.com\/es\/producto\/mobiliario-laboratorio\/#breadcrumb\",\"itemListElement\":[{\"@type\":\"ListItem\",\"position\":1,\"name\":\"Portada\",\"item\":\"https:\/\/www.mobelmol.com\/es\/\"},{\"@type\":\"ListItem\",\"position\":2,\"name\":\"Productos\",\"item\":\"https:\/\/www.mobelmol.com\/es\/productos-mobiliario-vestuarios-revestimientos\/\"},{\"@type\":\"ListItem\",\"position\":3,\"name\":\"Mobiliario laboratorio\"}]}]}<\/script>\n<!-- \/ Yoast SEO plugin. -->","yoast_head_json":{"title":"Fabricaci\u00f3n e Instalaci\u00f3n de Mobiliario Laboratorio - Mobelmol","description":"Expertos en dise\u00f1ar, fabricar e instalar Mobiliario Laboratorio. Cumpliendo con las caracter\u00edsticas de este tipo de emplazamientos exigentes.","robots":{"index":"index","follow":"follow","max-snippet":"max-snippet:-1","max-image-preview":"max-image-preview:large","max-video-preview":"max-video-preview:-1"},"canonical":"https:\/\/www.mobelmol.com\/es\/producto\/mobiliario-laboratorio\/","og_locale":"es_ES","og_type":"article","og_title":"Fabricaci\u00f3n e Instalaci\u00f3n de Mobiliario Laboratorio - Mobelmol","og_description":"Expertos en dise\u00f1ar, fabricar e instalar Mobiliario Laboratorio. Cumpliendo con las caracter\u00edsticas de este tipo de emplazamientos exigentes.","og_url":"https:\/\/www.mobelmol.com\/es\/producto\/mobiliario-laboratorio\/","og_site_name":"Mobelmol","article_modified_time":"2022-03-10T15:26:28+00:00","og_image":[{"width":750,"height":490,"url":"https:\/\/www.mobelmol.com\/wp-content\/uploads\/2021\/10\/Mobiliario-laboratorio-1-1.jpg","type":"image\/jpeg"}],"twitter_card":"summary_large_image","twitter_misc":{"Tiempo de lectura":"1 minuto"},"schema":{"@context":"https:\/\/schema.org","@graph":[{"@type":"Organization","@id":"https:\/\/www.mobelmol.com\/es\/#organization","name":"Mobelmol","url":"https:\/\/www.mobelmol.com\/es\/","sameAs":[],"logo":{"@type":"ImageObject","@id":"https:\/\/www.mobelmol.com\/es\/#logo","inLanguage":"es","url":"https:\/\/www.mobelmol.com\/wp-content\/uploads\/2021\/05\/lgo-mobelmol.svg","contentUrl":"https:\/\/www.mobelmol.com\/wp-content\/uploads\/2021\/05\/lgo-mobelmol.svg","width":100,"height":100,"caption":"Mobelmol"},"image":{"@id":"https:\/\/www.mobelmol.com\/es\/#logo"}},{"@type":"WebSite","@id":"https:\/\/www.mobelmol.com\/es\/#website","url":"https:\/\/www.mobelmol.com\/es\/","name":"Mobelmol","description":"Fabricaci\u00f3n e instalaci\u00f3n de equipamiento y mobiliario con panel compacto","publisher":{"@id":"https:\/\/www.mobelmol.com\/es\/#organization"},"potentialAction":[{"@type":"SearchAction","target":{"@type":"EntryPoint","urlTemplate":"https:\/\/www.mobelmol.com\/es\/?s={search_term_string}"},"query-input":"required name=search_term_string"}],"inLanguage":"es"},{"@type":"ImageObject","@id":"https:\/\/www.mobelmol.com\/es\/producto\/mobiliario-laboratorio\/#primaryimage","inLanguage":"es","url":"https:\/\/www.mobelmol.com\/wp-content\/uploads\/2021\/10\/Mobiliario-laboratorio-1-1.jpg","contentUrl":"https:\/\/www.mobelmol.com\/wp-content\/uploads\/2021\/10\/Mobiliario-laboratorio-1-1.jpg","width":750,"height":490,"caption":"Mobiliario Laboratorios"},{"@type":"WebPage","@id":"https:\/\/www.mobelmol.com\/es\/producto\/mobiliario-laboratorio\/#webpage","url":"https:\/\/www.mobelmol.com\/es\/producto\/mobiliario-laboratorio\/","name":"Fabricaci\u00f3n e Instalaci\u00f3n de Mobiliario Laboratorio - Mobelmol","isPartOf":{"@id":"https:\/\/www.mobelmol.com\/es\/#website"},"primaryImageOfPage":{"@id":"https:\/\/www.mobelmol.com\/es\/producto\/mobiliario-laboratorio\/#primaryimage"},"datePublished":"2021-10-14T10:27:55+00:00","dateModified":"2022-03-10T15:26:28+00:00","description":"Expertos en dise\u00f1ar, fabricar e instalar Mobiliario Laboratorio. Cumpliendo con las caracter\u00edsticas de este tipo de emplazamientos exigentes.","breadcrumb":{"@id":"https:\/\/www.mobelmol.com\/es\/producto\/mobiliario-laboratorio\/#breadcrumb"},"inLanguage":"es","potentialAction":[{"@type":"ReadAction","target":["https:\/\/www.mobelmol.com\/es\/producto\/mobiliario-laboratorio\/"]}]},{"@type":"BreadcrumbList","@id":"https:\/\/www.mobelmol.com\/es\/producto\/mobiliario-laboratorio\/#breadcrumb","itemListElement":[{"@type":"ListItem","position":1,"name":"Portada","item":"https:\/\/www.mobelmol.com\/es\/"},{"@type":"ListItem","position":2,"name":"Productos","item":"https:\/\/www.mobelmol.com\/es\/productos-mobiliario-vestuarios-revestimientos\/"},{"@type":"ListItem","position":3,"name":"Mobiliario laboratorio"}]}]}},"_links":{"self":[{"href":"https:\/\/www.mobelmol.com\/es\/wp-json\/wp\/v2\/product\/6285","targetHints":{"allow":["GET"]}}],"collection":[{"href":"https:\/\/www.mobelmol.com\/es\/wp-json\/wp\/v2\/product"}],"about":[{"href":"https:\/\/www.mobelmol.com\/es\/wp-json\/wp\/v2\/types\/product"}],"wp:featuredmedia":[{"embeddable":true,"href":"https:\/\/www.mobelmol.com\/es\/wp-json\/wp\/v2\/media\/6286"}],"wp:attachment":[{"href":"https:\/\/www.mobelmol.com\/es\/wp-json\/wp\/v2\/media?parent=6285"}],"wp:term":[{"taxonomy":"product_cat","embeddable":true,"href":"https:\/\/www.mobelmol.com\/es\/wp-json\/wp\/v2\/product_cat?post=6285"},{"taxonomy":"product_tag","embeddable":true,"href":"https:\/\/www.mobelmol.com\/es\/wp-json\/wp\/v2\/product_tag?post=6285"}],"curies":[{"name":"wp","href":"https:\/\/api.w.org\/{rel}","templated":true}]}}

<p>Por nuestra dilatada experiencia podemos diseñar y fabricar cualquier tipo de mobiliario para laboratorio con acabados melamínicos o laminado de alta presión, siempre con materiales de altas prestaciones.</p>
<div class="wpex-social-share style-flat position-horizontal" data-source="https%3A%2F%2Fwww.mobelmol.com%2Fes%2F" data-url="https%3A%2F%2Fwww.mobelmol.com%2Fes%2Fportfolio-item%2Fmobiliario-laboratorio%2F" data-title="Mobiliario laboratorio" data-image="https%3A%2F%2Fwww.mobelmol.com%2Fwp-content%2Fuploads%2F2015%2F09%2FMobiliario-laboratorio-1.jpg" data-summary="Por%20nuestra%20dilatada%20experiencia%20podemos%20dise%C3%B1ar%20y%20fabricar%20cualquier%20tipo%20de%20mobiliario%20para%20laboratorio%20con%20acabados%20melam%C3%ADnicos%20o%20laminado%20de%20alta%20presi%C3%B3n%2C%20siempre%20con%20materiales%20de%20altas%20prestaciones." data-email-subject="I wanted you to see this link" data-email-body="I wanted you to see this link https%3A%2F%2Fwww.mobelmol.com%2Fes%2Fportfolio-item%2Fmobiliario-laboratorio%2F" data-specs="menubar=no,toolbar=no,resizable=yes,scrollbars=yes,height=600,width=600"></div>

<p>Por nuestra dilatada experiencia podemos diseñar y fabricar cualquier tipo de mobiliario para laboratorio con acabados melamínicos o laminado de alta presión, siempre con materiales de altas prestaciones.</p>

<!-- This site is optimized with the Yoast SEO plugin v17.8 - https://yoast.com/wordpress/plugins/seo/ -->
<title>Fabricación e Instalación de Mobiliario Laboratorio - Mobelmol</title>
<meta name="description" content="Expertos en diseñar, fabricar e instalar Mobiliario Laboratorio. Cumpliendo con las características de este tipo de emplazamientos exigentes." />
<meta name="robots" content="index, follow, max-snippet:-1, max-image-preview:large, max-video-preview:-1" />
<link rel="canonical" href="https://www.mobelmol.com/es/producto/mobiliario-laboratorio/" />
<meta property="og:locale" content="es_ES" />
<meta property="og:type" content="article" />
<meta property="og:title" content="Fabricación e Instalación de Mobiliario Laboratorio - Mobelmol" />
<meta property="og:description" content="Expertos en diseñar, fabricar e instalar Mobiliario Laboratorio. Cumpliendo con las características de este tipo de emplazamientos exigentes." />
<meta property="og:url" content="https://www.mobelmol.com/es/producto/mobiliario-laboratorio/" />
<meta property="og:site_name" content="Mobelmol" />
<meta property="article:modified_time" content="2022-03-10T15:26:28+00:00" />
<meta property="og:image" content="https://www.mobelmol.com/wp-content/uploads/2021/10/Mobiliario-laboratorio-1-1.jpg" />
	<meta property="og:image:width" content="750" />
	<meta property="og:image:height" content="490" />
<meta name="twitter:card" content="summary_large_image" />
<meta name="twitter:label1" content="Tiempo de lectura" />
	<meta name="twitter:data1" content="1 minuto" />
<script type="application/ld+json" class="yoast-schema-graph">{"@context":"https://schema.org","@graph":[{"@type":"Organization","@id":"https://www.mobelmol.com/es/#organization","name":"Mobelmol","url":"https://www.mobelmol.com/es/","sameAs":[],"logo":{"@type":"ImageObject","@id":"https://www.mobelmol.com/es/#logo","inLanguage":"es","url":"https://www.mobelmol.com/wp-content/uploads/2021/05/lgo-mobelmol.svg","contentUrl":"https://www.mobelmol.com/wp-content/uploads/2021/05/lgo-mobelmol.svg","width":100,"height":100,"caption":"Mobelmol"},"image":{"@id":"https://www.mobelmol.com/es/#logo"}},{"@type":"WebSite","@id":"https://www.mobelmol.com/es/#website","url":"https://www.mobelmol.com/es/","name":"Mobelmol","description":"Fabricaci\u00f3n e instalaci\u00f3n de equipamiento y mobiliario con panel compacto","publisher":{"@id":"https://www.mobelmol.com/es/#organization"},"potentialAction":[{"@type":"SearchAction","target":{"@type":"EntryPoint","urlTemplate":"https://www.mobelmol.com/es/?s={search_term_string}"},"query-input":"required name=search_term_string"}],"inLanguage":"es"},{"@type":"ImageObject","@id":"https://www.mobelmol.com/es/producto/mobiliario-laboratorio/#primaryimage","inLanguage":"es","url":"https://www.mobelmol.com/wp-content/uploads/2021/10/Mobiliario-laboratorio-1-1.jpg","contentUrl":"https://www.mobelmol.com/wp-content/uploads/2021/10/Mobiliario-laboratorio-1-1.jpg","width":750,"height":490,"caption":"Mobiliario Laboratorios"},{"@type":"WebPage","@id":"https://www.mobelmol.com/es/producto/mobiliario-laboratorio/#webpage","url":"https://www.mobelmol.com/es/producto/mobiliario-laboratorio/","name":"Fabricaci\u00f3n e Instalaci\u00f3n de Mobiliario Laboratorio - Mobelmol","isPartOf":{"@id":"https://www.mobelmol.com/es/#website"},"primaryImageOfPage":{"@id":"https://www.mobelmol.com/es/producto/mobiliario-laboratorio/#primaryimage"},"datePublished":"2021-10-14T10:27:55+00:00","dateModified":"2022-03-10T15:26:28+00:00","description":"Expertos en dise\u00f1ar, fabricar e instalar Mobiliario Laboratorio. Cumpliendo con las caracter\u00edsticas de este tipo de emplazamientos exigentes.","breadcrumb":{"@id":"https://www.mobelmol.com/es/producto/mobiliario-laboratorio/#breadcrumb"},"inLanguage":"es","potentialAction":[{"@type":"ReadAction","target":["https://www.mobelmol.com/es/producto/mobiliario-laboratorio/"]}]},{"@type":"BreadcrumbList","@id":"https://www.mobelmol.com/es/producto/mobiliario-laboratorio/#breadcrumb","itemListElement":[{"@type":"ListItem","position":1,"name":"Portada","item":"https://www.mobelmol.com/es/"},{"@type":"ListItem","position":2,"name":"Productos","item":"https://www.mobelmol.com/es/productos-mobiliario-vestuarios-revestimientos/"},{"@type":"ListItem","position":3,"name":"Mobiliario laboratorio"}]}]}</script>
<!-- / Yoast SEO plugin. -->

Fabricación e Instalación de Mobiliario Laboratorio - Mobelmol

Expertos en diseñar, fabricar e instalar Mobiliario Laboratorio. Cumpliendo con las características de este tipo de emplazamientos exigentes.

Fabricación e instalación de equipamiento y mobiliario con panel compacto
